Last updated on 2025-02-20 09:51:04 CET.
Flavor | Version | Tinstall | Tcheck | Ttotal | Status | Flags |
---|---|---|---|---|---|---|
r-devel-linux-x86_64-debian-clang | 1.0.1 | 9.50 | 112.41 | 121.91 | NOTE | |
r-devel-linux-x86_64-debian-gcc | 1.0.1 | 6.93 | 74.76 | 81.69 | NOTE | |
r-devel-linux-x86_64-fedora-clang | 1.0.1 | 201.98 | OK | |||
r-devel-linux-x86_64-fedora-gcc | 1.0.1 | 200.30 | OK | |||
r-devel-macos-arm64 | 1.0.1 | 62.00 | OK | |||
r-devel-macos-x86_64 | 1.0.1 | 115.00 | OK | |||
r-devel-windows-x86_64 | 1.0.1 | 11.00 | 113.00 | 124.00 | NOTE | |
r-patched-linux-x86_64 | 1.0.1 | 13.58 | 104.74 | 118.32 | OK | |
r-release-linux-x86_64 | 1.0.1 | 8.96 | 99.57 | 108.53 | OK | |
r-release-macos-arm64 | 1.0.1 | 59.00 | OK | |||
r-release-macos-x86_64 | 1.0.1 | 86.00 | OK | |||
r-release-windows-x86_64 | 1.0.1 | 10.00 | 115.00 | 125.00 | OK | |
r-oldrel-macos-arm64 | 1.0.1 | 60.00 | OK | |||
r-oldrel-macos-x86_64 | 1.0.1 | 94.00 | OK | |||
r-oldrel-windows-x86_64 | 1.0.1 | 15.00 | 158.00 | 173.00 | OK |
Version: 1.0.1
Check: Rd cross-references
Result: NOTE
Found the following Rd file(s) with Rd \link{} targets missing package
anchors:
plot_ssp.Rd: ggplot2
Please provide package anchors for all Rd \link{} targets not in the
package itself and the base packages.
Flavors: r-devel-linux-x86_64-debian-clang, r-devel-linux-x86_64-debian-gcc, r-devel-windows-x86_64