Last updated on 2025-02-20 09:51:04 CET.
Flavor | Version | Tinstall | Tcheck | Ttotal | Status | Flags |
---|---|---|---|---|---|---|
r-devel-linux-x86_64-debian-clang | 1.0.0 | 27.28 | 141.87 | 169.15 | OK | |
r-devel-linux-x86_64-debian-gcc | 1.0.0 | 19.53 | 100.91 | 120.44 | OK | |
r-devel-linux-x86_64-fedora-clang | 1.0.0 | 282.34 | OK | |||
r-devel-linux-x86_64-fedora-gcc | 1.0.0 | 256.93 | OK | |||
r-devel-macos-arm64 | 1.0.0 | 42.00 | OK | |||
r-devel-macos-x86_64 | 1.0.0 | 117.00 | OK | |||
r-devel-windows-x86_64 | 1.0.0 | 22.00 | 126.00 | 148.00 | OK | |
r-patched-linux-x86_64 | 1.0.0 | 29.40 | 134.15 | 163.55 | OK | |
r-release-linux-x86_64 | 1.0.0 | 28.85 | 133.22 | 162.07 | OK | |
r-release-macos-arm64 | 1.0.0 | 65.00 | OK | |||
r-release-macos-x86_64 | 1.0.0 | 131.00 | OK | |||
r-release-windows-x86_64 | 1.0.0 | 20.00 | 119.00 | 139.00 | WARN | |
r-oldrel-macos-arm64 | 0.1.0 | 68.00 | OK | |||
r-oldrel-macos-x86_64 | 1.0.0 | 191.00 | OK | |||
r-oldrel-windows-x86_64 | 1.0.0 | 29.00 | 149.00 | 178.00 | OK |
Version: 1.0.0
Check: Rd contents
Result: NOTE
Warning in read.table(file = file, header = header, sep = sep, quote = quote, :
cols = 1 != length(data) = 7
Flavor: r-release-windows-x86_64
Version: 1.0.0
Check: for unstated dependencies in examples
Result: WARN
Warning in read.table(file = file, header = header, sep = sep, quote = quote, :
cols = 1 != length(data) = 7
Flavor: r-release-windows-x86_64
Version: 1.0.0
Check: data for non-ASCII characters
Result: NOTE
During startup - Warning message:
In read.table(file = file, header = header, sep = sep, quote = quote, :
cols = 1 != length(data) = 7
Flavor: r-release-windows-x86_64
Version: 1.0.0
Check: data for ASCII and uncompressed saves
Result: WARN
During startup - Warning message:
In read.table(file = file, header = header, sep = sep, quote = quote, :
cols = 1 != length(data) = 7
Flavor: r-release-windows-x86_64