CRAN Package Check Results for Package SCEPtER

Last updated on 2025-02-19 09:51:02 CET.

Flavor Version Tinstall Tcheck Ttotal Status Flags
r-devel-linux-x86_64-debian-clang 0.2-4 10.27 22.02 32.29 OK
r-devel-linux-x86_64-debian-gcc 0.2-4 8.20 17.78 25.98 OK
r-devel-linux-x86_64-fedora-clang 0.2-4 50.48 NOTE
r-devel-linux-x86_64-fedora-gcc 0.2-4 51.03 NOTE
r-devel-macos-arm64 0.2-4 22.00 OK
r-devel-macos-x86_64 0.2-4 48.00 OK
r-devel-windows-x86_64 0.2-4 13.00 52.00 65.00 OK
r-patched-linux-x86_64 0.2-4 9.59 21.37 30.96 OK
r-release-linux-x86_64 0.2-4 9.51 21.23 30.74 OK
r-release-macos-arm64 0.2-4 22.00 OK
r-release-macos-x86_64 0.2-4 47.00 OK
r-release-windows-x86_64 0.2-4 13.00 45.00 58.00 OK
r-oldrel-macos-arm64 0.2-4 24.00 OK
r-oldrel-macos-x86_64 0.2-4 30.00 OK
r-oldrel-windows-x86_64 0.2-4 14.00 46.00 60.00 OK

Check Details

Version: 0.2-4
Check: compiled code
Result: NOTE File ‘SCEPtER/libs/SCEPtER.so’: Found no calls to: ‘R_registerRoutines’, ‘R_useDynamicSymbols’ It is good practice to register native routines and to disable symbol search. See ‘Writing portable packages’ in the ‘Writing R Extensions’ manual. Flavors: r-devel-linux-x86_64-fedora-clang, r-devel-linux-x86_64-fedora-gcc