CRAN Package Check Results for Package Rspc

Last updated on 2025-11-27 09:49:51 CET.

Flavor Version Tinstall Tcheck Ttotal Status Flags
r-devel-linux-x86_64-debian-clang 1.2.2 2.44 25.28 27.72 OK
r-devel-linux-x86_64-debian-gcc 1.2.2 1.75 20.55 22.30 OK
r-devel-linux-x86_64-fedora-clang 1.2.2 40.85 OK
r-devel-linux-x86_64-fedora-gcc 1.2.2 54.67 OK
r-devel-windows-x86_64 1.2.2 3.00 43.00 46.00 OK
r-patched-linux-x86_64 1.2.2 2.28 22.50 24.78 OK
r-release-linux-x86_64 1.2.2 2.23 22.75 24.98 OK
r-release-macos-arm64 1.2.2 OK
r-release-macos-x86_64 1.2.2 3.00 57.00 60.00 OK
r-release-windows-x86_64 1.2.2 4.00 58.00 62.00 OK
r-oldrel-macos-arm64 1.2.2 NOTE
r-oldrel-macos-x86_64 1.2.2 2.00 30.00 32.00 NOTE
r-oldrel-windows-x86_64 1.2.2 3.00 50.00 53.00 NOTE

Check Details

Version: 1.2.2
Check: LazyData
Result: NOTE 'LazyData' is specified without a 'data' directory Flavors: r-oldrel-macos-arm64, r-oldrel-macos-x86_64, r-oldrel-windows-x86_64