Last updated on 2025-02-20 09:51:00 CET.
Flavor | Version | Tinstall | Tcheck | Ttotal | Status | Flags |
---|---|---|---|---|---|---|
r-devel-linux-x86_64-debian-clang | 0.3.7 | 36.87 | 64.01 | 100.88 | NOTE | |
r-devel-linux-x86_64-debian-gcc | 0.3.7 | 27.31 | 48.93 | 76.24 | NOTE | |
r-devel-linux-x86_64-fedora-clang | 0.3.7 | 174.25 | NOTE | |||
r-devel-linux-x86_64-fedora-gcc | 0.3.7 | 189.22 | NOTE | |||
r-devel-macos-arm64 | 0.3.7 | 53.00 | NOTE | |||
r-devel-macos-x86_64 | 0.3.7 | 103.00 | NOTE | |||
r-devel-windows-x86_64 | 0.3.7 | 36.00 | 98.00 | 134.00 | NOTE | |
r-patched-linux-x86_64 | 0.3.7 | 34.60 | 62.10 | 96.70 | NOTE | |
r-release-linux-x86_64 | 0.3.7 | 38.15 | 61.73 | 99.88 | NOTE | |
r-release-macos-arm64 | 0.3.7 | 53.00 | NOTE | |||
r-release-macos-x86_64 | 0.3.7 | 82.00 | NOTE | |||
r-release-windows-x86_64 | 0.3.7 | 35.00 | 104.00 | 139.00 | NOTE | |
r-oldrel-macos-arm64 | 0.3.7 | 57.00 | NOTE | |||
r-oldrel-macos-x86_64 | 0.3.7 | 92.00 | NOTE | |||
r-oldrel-windows-x86_64 | 0.3.7 | 43.00 | 121.00 | 164.00 | NOTE |
Version: 0.3.7
Check: C++ specification
Result: NOTE
Specified C++11: please drop specification unless essential
Flavors: r-devel-linux-x86_64-debian-clang, r-devel-linux-x86_64-debian-gcc, r-devel-linux-x86_64-fedora-clang, r-devel-linux-x86_64-fedora-gcc, r-devel-macos-arm64, r-devel-macos-x86_64, r-devel-windows-x86_64, r-patched-linux-x86_64, r-release-linux-x86_64, r-release-macos-arm64, r-release-macos-x86_64, r-release-windows-x86_64, r-oldrel-macos-arm64, r-oldrel-macos-x86_64, r-oldrel-windows-x86_64
Version: 0.3.7
Check: installed package size
Result: NOTE
installed size is 9.3Mb
sub-directories of 1Mb or more:
libs 9.1Mb
Flavors: r-release-macos-arm64, r-release-macos-x86_64, r-oldrel-macos-arm64, r-oldrel-macos-x86_64