Last updated on 2025-02-17 09:49:54 CET.
Flavor | Version | Tinstall | Tcheck | Ttotal | Status | Flags |
---|---|---|---|---|---|---|
r-devel-linux-x86_64-debian-clang | 2.8.1 | 25.75 | 316.59 | 342.34 | OK | |
r-devel-linux-x86_64-debian-gcc | 2.8.1 | 16.17 | 226.85 | 243.02 | OK | |
r-devel-linux-x86_64-fedora-clang | 2.8.1 | 602.60 | OK | |||
r-devel-linux-x86_64-fedora-gcc | 2.8.1 | 515.98 | OK | |||
r-devel-macos-arm64 | 2.8.1 | 129.00 | OK | |||
r-devel-macos-x86_64 | 2.8.1 | 199.00 | OK | |||
r-devel-windows-x86_64 | 2.8.1 | 27.00 | 248.00 | 275.00 | OK | |
r-patched-linux-x86_64 | 2.8.1 | 26.06 | 302.38 | 328.44 | OK | |
r-release-linux-x86_64 | 2.8.1 | 24.54 | 303.13 | 327.67 | OK | |
r-release-macos-arm64 | 2.8.1 | 145.00 | NOTE | |||
r-release-macos-x86_64 | 2.8.1 | 396.00 | NOTE | |||
r-release-windows-x86_64 | 2.8.1 | 26.00 | 249.00 | 275.00 | NOTE | |
r-oldrel-macos-arm64 | 2.8.1 | 155.00 | NOTE | |||
r-oldrel-macos-x86_64 | 2.8.1 | 352.00 | NOTE | |||
r-oldrel-windows-x86_64 | 2.8.1 | 35.00 | 307.00 | 342.00 | NOTE |
Version: 2.8.1
Check: installed package size
Result: NOTE
installed size is 5.1Mb
sub-directories of 1Mb or more:
doc 3.3Mb
Flavors: r-release-macos-arm64, r-release-macos-x86_64, r-release-windows-x86_64, r-oldrel-macos-arm64, r-oldrel-macos-x86_64, r-oldrel-windows-x86_64