Last updated on 2025-02-20 09:51:01 CET.
Flavor | Version | Tinstall | Tcheck | Ttotal | Status | Flags |
---|---|---|---|---|---|---|
r-devel-linux-x86_64-debian-clang | 0.2.0 | 3.91 | 33.28 | 37.19 | OK | |
r-devel-linux-x86_64-debian-gcc | 0.2.0 | 2.55 | 24.18 | 26.73 | OK | |
r-devel-linux-x86_64-fedora-clang | 0.2.0 | 63.13 | NOTE | |||
r-devel-linux-x86_64-fedora-gcc | 0.2.0 | 56.39 | NOTE | |||
r-devel-macos-arm64 | 0.2.0 | 20.00 | OK | |||
r-devel-macos-x86_64 | 0.2.0 | 36.00 | OK | |||
r-devel-windows-x86_64 | 0.2.0 | 6.00 | 53.00 | 59.00 | OK | |
r-patched-linux-x86_64 | 0.2.0 | 3.57 | 31.01 | 34.58 | OK | |
r-release-linux-x86_64 | 0.2.0 | 3.91 | 30.82 | 34.73 | OK | |
r-release-macos-arm64 | 0.2.0 | 20.00 | OK | |||
r-release-macos-x86_64 | 0.2.0 | 31.00 | OK | |||
r-release-windows-x86_64 | 0.2.0 | 5.00 | 53.00 | 58.00 | OK | |
r-oldrel-macos-arm64 | 0.2.0 | 23.00 | OK | |||
r-oldrel-macos-x86_64 | 0.2.0 | 31.00 | OK | |||
r-oldrel-windows-x86_64 | 0.2.0 | 6.00 | 58.00 | 64.00 | OK |
Version: 0.2.0
Check: dependencies in R code
Result: NOTE
Namespace in Imports field not imported from: ‘magrittr’
All declared Imports should be used.
Flavors: r-devel-linux-x86_64-fedora-clang, r-devel-linux-x86_64-fedora-gcc