CRAN Package Check Results for Package RLumShiny

Last updated on 2025-02-19 09:51:01 CET.

Flavor Version Tinstall Tcheck Ttotal Status Flags
r-devel-linux-x86_64-debian-clang 0.2.3 5.70 41.15 46.85 NOTE
r-devel-linux-x86_64-debian-gcc 0.2.3 3.49 30.58 34.07 NOTE
r-devel-linux-x86_64-fedora-clang 0.2.3 78.01 OK
r-devel-linux-x86_64-fedora-gcc 0.2.3 70.12 OK
r-devel-macos-arm64 0.2.3 26.00 OK
r-devel-macos-x86_64 0.2.3 46.00 OK
r-devel-windows-x86_64 0.2.3 8.00 60.00 68.00 NOTE
r-patched-linux-x86_64 0.2.3 10.52 38.24 48.76 OK
r-release-linux-x86_64 0.2.3 5.31 38.67 43.98 OK
r-release-macos-arm64 0.2.3 26.00 OK
r-release-macos-x86_64 0.2.3 38.00 OK
r-release-windows-x86_64 0.2.3 9.00 58.00 67.00 OK
r-oldrel-macos-arm64 0.2.3 26.00 OK
r-oldrel-macos-x86_64 0.2.3 40.00 OK
r-oldrel-windows-x86_64 0.2.3 9.00 97.00 106.00 OK

Check Details

Version: 0.2.3
Check: Rd cross-references
Result: NOTE Found the following Rd file(s) with Rd \link{} targets missing package anchors: app_RLum.Rd: runApp, plot_AbanicoPlot, plot_Histogram, plot_KDE, plot_RadialPlot, plot_DRTResults, calc_CosmicDoseRate, CW2pHMi, CW2pLM, CW2pLMi, CW2pPMi, plot_FilterCombinations, calc_FastRatio, analyse_FadingMeasurement, calc_FadingCorr, plot_RLum jscolorInput.Rd: animationOptions, sliderInput, checkboxGroupInput, checkboxInput, dateInput, dateRangeInput, fileInput, numericInput, passwordInput, radioButtons, selectInput, selectizeInput, submitButton, textInput Please provide package anchors for all Rd \link{} targets not in the package itself and the base packages. Flavors: r-devel-linux-x86_64-debian-clang, r-devel-linux-x86_64-debian-gcc, r-devel-windows-x86_64