Last updated on 2025-02-17 09:49:52 CET.
Flavor | Version | Tinstall | Tcheck | Ttotal | Status | Flags |
---|---|---|---|---|---|---|
r-devel-linux-x86_64-debian-clang | 1.3.1 | 14.35 | 161.93 | 176.28 | OK | |
r-devel-linux-x86_64-debian-gcc | 1.3.1 | 9.14 | 127.99 | 137.13 | OK | |
r-devel-linux-x86_64-fedora-clang | 1.3.1 | 298.11 | OK | |||
r-devel-linux-x86_64-fedora-gcc | 1.3.1 | 283.44 | OK | |||
r-devel-macos-arm64 | 1.3.1 | 53.00 | OK | |||
r-devel-macos-x86_64 | 1.3.1 | 112.00 | OK | |||
r-devel-windows-x86_64 | 1.3.1 | 16.00 | 165.00 | 181.00 | OK | |
r-patched-linux-x86_64 | 1.3.1 | 12.57 | 152.16 | 164.73 | OK | |
r-release-linux-x86_64 | 1.3.1 | 13.65 | 150.76 | 164.41 | OK | |
r-release-macos-arm64 | 1.3.1 | 86.00 | OK | |||
r-release-macos-x86_64 | 1.3.1 | 137.00 | OK | |||
r-release-windows-x86_64 | 1.3.1 | 17.00 | 161.00 | 178.00 | OK | |
r-oldrel-macos-arm64 | 1.3.1 | 70.00 | NOTE | |||
r-oldrel-macos-x86_64 | 1.3.1 | 103.00 | NOTE | |||
r-oldrel-windows-x86_64 | 1.3.1 | 20.00 | 198.00 | 218.00 | OK |
Version: 1.3.1
Check: package dependencies
Result: NOTE
Packages suggested but not available for checking: 'xcms', 'MSnbase'
Flavors: r-oldrel-macos-arm64, r-oldrel-macos-x86_64