Last updated on 2025-07-12 09:49:27 CEST.
Flavor | Version | Tinstall | Tcheck | Ttotal | Status | Flags |
---|---|---|---|---|---|---|
r-devel-linux-x86_64-debian-clang | 1.2.0 | 7.76 | 27.10 | 34.86 | OK | |
r-devel-linux-x86_64-debian-gcc | 1.2.0 | 4.50 | 22.58 | 27.08 | OK | |
r-devel-linux-x86_64-fedora-clang | 1.2.0 | 54.34 | OK | |||
r-devel-linux-x86_64-fedora-gcc | 1.2.0 | 64.88 | OK | |||
r-devel-windows-x86_64 | 1.2.0 | 8.00 | 54.00 | 62.00 | OK | |
r-patched-linux-x86_64 | 1.2.0 | 7.61 | 24.40 | 32.01 | OK | |
r-release-linux-x86_64 | 1.2.0 | 7.50 | 25.03 | 32.53 | OK | |
r-release-macos-arm64 | 1.2.0 | 25.00 | OK | |||
r-release-macos-x86_64 | 1.2.0 | 47.00 | OK | |||
r-release-windows-x86_64 | 1.2.0 | 8.00 | 54.00 | 62.00 | OK | |
r-oldrel-macos-arm64 | 1.2.0 | 26.00 | NOTE | |||
r-oldrel-macos-x86_64 | 1.2.0 | 44.00 | NOTE | |||
r-oldrel-windows-x86_64 | 1.2.0 | 8.00 | 59.00 | 67.00 | NOTE |
Version: 1.2.0
Check: LazyData
Result: NOTE
'LazyData' is specified without a 'data' directory
Flavors: r-oldrel-macos-arm64, r-oldrel-macos-x86_64, r-oldrel-windows-x86_64