Last updated on 2025-02-19 09:51:00 CET.
Flavor | Version | Tinstall | Tcheck | Ttotal | Status | Flags |
---|---|---|---|---|---|---|
r-devel-linux-x86_64-debian-clang | 0.0.1 | 5.29 | 46.43 | 51.72 | OK | |
r-devel-linux-x86_64-debian-gcc | 0.0.1 | 3.46 | 33.43 | 36.89 | OK | |
r-devel-linux-x86_64-fedora-clang | 0.0.1 | 82.92 | OK | |||
r-devel-linux-x86_64-fedora-gcc | 0.0.1 | 80.47 | OK | |||
r-devel-macos-arm64 | 0.0.1 | 27.00 | OK | |||
r-devel-macos-x86_64 | 0.0.1 | 50.00 | OK | |||
r-devel-windows-x86_64 | 0.0.1 | 8.00 | 83.00 | 91.00 | OK | |
r-patched-linux-x86_64 | 0.0.1 | 5.89 | 43.65 | 49.54 | NOTE | |
r-release-linux-x86_64 | 0.0.1 | 4.99 | 43.93 | 48.92 | NOTE | |
r-release-macos-arm64 | 0.0.1 | 27.00 | NOTE | |||
r-release-macos-x86_64 | 0.0.1 | 40.00 | NOTE | |||
r-release-windows-x86_64 | 0.0.1 | 8.00 | 74.00 | 82.00 | NOTE | |
r-oldrel-macos-arm64 | 0.0.1 | 30.00 | NOTE | |||
r-oldrel-macos-x86_64 | 0.0.1 | 42.00 | NOTE | |||
r-oldrel-windows-x86_64 | 0.0.1 | 10.00 | 83.00 | 93.00 | NOTE |
Version: 0.0.1
Check: LazyData
Result: NOTE
'LazyData' is specified without a 'data' directory
Flavors: r-patched-linux-x86_64, r-release-linux-x86_64, r-release-macos-arm64, r-release-macos-x86_64, r-release-windows-x86_64, r-oldrel-macos-arm64, r-oldrel-macos-x86_64, r-oldrel-windows-x86_64