CRAN Package Check Results for Package PTSR

Last updated on 2025-02-20 09:50:59 CET.

Flavor Version Tinstall Tcheck Ttotal Status Flags
r-devel-linux-x86_64-debian-clang 0.1.2 2.16 28.81 30.97 NOTE
r-devel-linux-x86_64-debian-gcc 0.1.2 1.85 22.04 23.89 NOTE
r-devel-linux-x86_64-fedora-clang 0.1.2 57.19 OK
r-devel-linux-x86_64-fedora-gcc 0.1.2 50.69 OK
r-devel-macos-arm64 0.1.2 19.00 OK
r-devel-macos-x86_64 0.1.2 35.00 OK
r-devel-windows-x86_64 0.1.2 3.00 49.00 52.00 NOTE
r-patched-linux-x86_64 0.1.2 4.52 27.14 31.66 OK
r-release-linux-x86_64 0.1.2 2.28 27.18 29.46 OK
r-release-macos-arm64 0.1.2 18.00 OK
r-release-macos-x86_64 0.1.2 27.00 OK
r-release-windows-x86_64 0.1.2 3.00 48.00 51.00 OK
r-oldrel-macos-arm64 0.1.2 26.00 OK
r-oldrel-macos-x86_64 0.1.2 25.00 OK
r-oldrel-windows-x86_64 0.1.2 3.00 61.00 64.00 OK

Check Details

Version: 0.1.2
Check: Rd cross-references
Result: NOTE Found the following Rd file(s) with Rd \link{} targets missing package anchors: ddist.Rd: extraDistr Please provide package anchors for all Rd \link{} targets not in the package itself and the base packages. Flavors: r-devel-linux-x86_64-debian-clang, r-devel-linux-x86_64-debian-gcc, r-devel-windows-x86_64