Last updated on 2025-02-19 09:50:59 CET.
Flavor | Version | Tinstall | Tcheck | Ttotal | Status | Flags |
---|---|---|---|---|---|---|
r-devel-linux-x86_64-debian-clang | 3.2.13 | 74.41 | 89.96 | 164.37 | OK | |
r-devel-linux-x86_64-debian-gcc | 3.2.13 | 54.54 | 63.62 | 118.16 | OK | |
r-devel-linux-x86_64-fedora-clang | 3.2.13 | 276.05 | OK | |||
r-devel-linux-x86_64-fedora-gcc | 3.2.13 | 294.60 | OK | |||
r-devel-macos-arm64 | 3.2.13 | 71.00 | OK | |||
r-devel-macos-x86_64 | 3.2.13 | 143.00 | OK | |||
r-devel-windows-x86_64 | 3.2.13 | 70.00 | 114.00 | 184.00 | OK | |
r-patched-linux-x86_64 | 3.2.13 | 77.82 | 85.36 | 163.18 | OK | |
r-release-linux-x86_64 | 3.2.13 | 76.92 | 84.06 | 160.98 | OK | |
r-release-macos-arm64 | 3.2.13 | 66.00 | NOTE | |||
r-release-macos-x86_64 | 3.2.13 | 105.00 | NOTE | |||
r-release-windows-x86_64 | 3.2.13 | 71.00 | 115.00 | 186.00 | OK | |
r-oldrel-macos-arm64 | 3.2.13 | 69.00 | NOTE | |||
r-oldrel-macos-x86_64 | 3.2.13 | 185.00 | NOTE | |||
r-oldrel-windows-x86_64 | 3.2.13 | 86.00 | 135.00 | 221.00 | OK |
Version: 3.2.13
Check: installed package size
Result: NOTE
installed size is 21.1Mb
sub-directories of 1Mb or more:
libs 20.7Mb
Flavors: r-release-macos-arm64, r-release-macos-x86_64, r-oldrel-macos-arm64, r-oldrel-macos-x86_64