Last updated on 2025-02-16 09:50:49 CET.
Flavor | Version | Tinstall | Tcheck | Ttotal | Status | Flags |
---|---|---|---|---|---|---|
r-devel-linux-x86_64-debian-clang | 1.1.4 | 121.17 | 32.20 | 153.37 | OK | |
r-devel-linux-x86_64-debian-gcc | 1.1.4 | 92.29 | 23.88 | 116.17 | OK | |
r-devel-linux-x86_64-fedora-clang | 1.1.4 | 320.15 | OK | |||
r-devel-linux-x86_64-fedora-gcc | 1.1.4 | 330.19 | OK | |||
r-devel-macos-arm64 | 1.1.4 | 62.00 | OK | |||
r-devel-macos-x86_64 | 1.1.4 | 78.00 | OK | |||
r-devel-windows-x86_64 | 1.1.4 | 131.00 | 78.00 | 209.00 | OK | |
r-patched-linux-x86_64 | 1.1.4 | 124.21 | 30.79 | 155.00 | OK | |
r-release-linux-x86_64 | 1.1.4 | 124.53 | 30.37 | 154.90 | OK | |
r-release-macos-arm64 | 1.1.4 | 72.00 | NOTE | |||
r-release-macos-x86_64 | 1.1.4 | 80.00 | NOTE | |||
r-release-windows-x86_64 | 1.1.4 | 128.00 | 80.00 | 208.00 | OK | |
r-oldrel-macos-arm64 | 1.1.4 | 75.00 | NOTE | |||
r-oldrel-macos-x86_64 | 1.1.4 | 83.00 | NOTE | |||
r-oldrel-windows-x86_64 | 1.1.4 | 156.00 | 120.00 | 276.00 | OK |
Version: 1.1.4
Check: installed package size
Result: NOTE
installed size is 13.0Mb
sub-directories of 1Mb or more:
libs 12.8Mb
Flavors: r-release-macos-arm64, r-release-macos-x86_64, r-oldrel-macos-arm64, r-oldrel-macos-x86_64