Last updated on 2025-02-20 09:50:58 CET.
Flavor | Version | Tinstall | Tcheck | Ttotal | Status | Flags |
---|---|---|---|---|---|---|
r-devel-linux-x86_64-debian-clang | 0.3.5 | 2.90 | 36.62 | 39.52 | NOTE | |
r-devel-linux-x86_64-debian-gcc | 0.3.5 | 2.02 | 27.79 | 29.81 | NOTE | |
r-devel-linux-x86_64-fedora-clang | 0.3.5 | 64.10 | NOTE | |||
r-devel-linux-x86_64-fedora-gcc | 0.3.5 | 77.76 | NOTE | |||
r-devel-macos-arm64 | 0.3.5 | 29.00 | NOTE | |||
r-devel-macos-x86_64 | 0.3.5 | 56.00 | NOTE | |||
r-devel-windows-x86_64 | 0.3.5 | 3.00 | 74.00 | 77.00 | NOTE | |
r-patched-linux-x86_64 | 0.3.5 | 2.52 | 35.45 | 37.97 | NOTE | |
r-release-linux-x86_64 | 0.3.5 | 2.70 | 35.06 | 37.76 | NOTE | |
r-release-macos-arm64 | 0.3.5 | 29.00 | NOTE | |||
r-release-macos-x86_64 | 0.3.5 | 44.00 | NOTE | |||
r-release-windows-x86_64 | 0.3.5 | 4.00 | 75.00 | 79.00 | NOTE | |
r-oldrel-macos-arm64 | 0.3.5 | 42.00 | OK | |||
r-oldrel-macos-x86_64 | 0.3.5 | 116.00 | OK | |||
r-oldrel-windows-x86_64 | 0.3.5 | 4.00 | 99.00 | 103.00 | OK |
Version: 0.3.5
Check: Rd files
Result: NOTE
checkRd: (-1) oncotree.fit.Rd:63: Lost braces in \itemize; \value handles \item{}{} directly
checkRd: (-1) oncotree.fit.Rd:64: Lost braces in \itemize; \value handles \item{}{} directly
checkRd: (-1) oncotree.fit.Rd:65: Lost braces in \itemize; \value handles \item{}{} directly
checkRd: (-1) oncotree.fit.Rd:66: Lost braces in \itemize; \value handles \item{}{} directly
checkRd: (-1) oncotree.fit.Rd:67: Lost braces in \itemize; \value handles \item{}{} directly
Flavors: r-devel-linux-x86_64-debian-clang, r-devel-linux-x86_64-debian-gcc, r-devel-linux-x86_64-fedora-clang, r-devel-linux-x86_64-fedora-gcc, r-devel-macos-arm64, r-devel-macos-x86_64, r-devel-windows-x86_64, r-patched-linux-x86_64, r-release-linux-x86_64, r-release-macos-arm64, r-release-macos-x86_64, r-release-windows-x86_64