CRAN Package Check Results for Package ORTSC

Last updated on 2025-02-20 09:50:58 CET.

Flavor Version Tinstall Tcheck Ttotal Status Flags
r-devel-linux-x86_64-debian-clang 1.0.0 3.44 29.67 33.11 OK
r-devel-linux-x86_64-debian-gcc 1.0.0 2.59 22.77 25.36 OK
r-devel-linux-x86_64-fedora-clang 1.0.0 54.13 OK
r-devel-linux-x86_64-fedora-gcc 1.0.0 54.96 OK
r-devel-macos-arm64 1.0.0 23.00 OK
r-devel-macos-x86_64 1.0.0 38.00 OK
r-devel-windows-x86_64 1.0.0 5.00 64.00 69.00 OK
r-patched-linux-x86_64 1.0.0 2.94 27.94 30.88 NOTE
r-release-linux-x86_64 1.0.0 3.12 28.07 31.19 NOTE
r-release-macos-arm64 1.0.0 22.00 NOTE
r-release-macos-x86_64 1.0.0 30.00 NOTE
r-release-windows-x86_64 1.0.0 5.00 55.00 60.00 NOTE
r-oldrel-macos-arm64 1.0.0 24.00 NOTE
r-oldrel-macos-x86_64 1.0.0 29.00 NOTE
r-oldrel-windows-x86_64 1.0.0 5.00 67.00 72.00 NOTE

Check Details

Version: 1.0.0
Check: LazyData
Result: NOTE 'LazyData' is specified without a 'data' directory Flavors: r-patched-linux-x86_64, r-release-linux-x86_64, r-release-macos-arm64, r-release-macos-x86_64, r-release-windows-x86_64, r-oldrel-macos-arm64, r-oldrel-macos-x86_64, r-oldrel-windows-x86_64