CRAN Package Check Results for Package My.stepwise

Last updated on 2025-02-19 09:50:57 CET.

Flavor Version Tinstall Tcheck Ttotal Status Flags
r-devel-linux-x86_64-debian-clang 0.1.0 6.99 53.53 60.52 OK
r-devel-linux-x86_64-debian-gcc 0.1.0 5.31 40.61 45.92 OK
r-devel-linux-x86_64-fedora-clang 0.1.0 93.55 OK
r-devel-linux-x86_64-fedora-gcc 0.1.0 93.44 OK
r-devel-macos-arm64 0.1.0 34.00 OK
r-devel-macos-x86_64 0.1.0 51.00 OK
r-devel-windows-x86_64 0.1.0 9.00 72.00 81.00 OK
r-patched-linux-x86_64 0.1.0 6.05 50.45 56.50 NOTE
r-release-linux-x86_64 0.1.0 6.36 50.18 56.54 NOTE
r-release-macos-arm64 0.1.0 30.00 NOTE
r-release-macos-x86_64 0.1.0 42.00 NOTE
r-release-windows-x86_64 0.1.0 7.00 64.00 71.00 NOTE
r-oldrel-macos-arm64 0.1.0 34.00 NOTE
r-oldrel-macos-x86_64 0.1.0 49.00 NOTE
r-oldrel-windows-x86_64 0.1.0 10.00 96.00 106.00 NOTE

Check Details

Version: 0.1.0
Check: LazyData
Result: NOTE 'LazyData' is specified without a 'data' directory Flavors: r-patched-linux-x86_64, r-release-linux-x86_64, r-release-macos-arm64, r-release-macos-x86_64, r-release-windows-x86_64, r-oldrel-macos-arm64, r-oldrel-macos-x86_64, r-oldrel-windows-x86_64