CRAN Package Check Results for Package MetGen

Last updated on 2025-02-20 09:50:56 CET.

Flavor Version Tinstall Tcheck Ttotal Status Flags
r-devel-linux-x86_64-debian-clang 0.5 7.70 77.09 84.79 NOTE
r-devel-linux-x86_64-debian-gcc 0.5 5.43 54.86 60.29 NOTE
r-devel-linux-x86_64-fedora-clang 0.5 136.08 OK
r-devel-linux-x86_64-fedora-gcc 0.5 129.91 OK
r-devel-macos-arm64 0.5 40.00 OK
r-devel-macos-x86_64 0.5 84.00 OK
r-devel-windows-x86_64 0.5 9.00 87.00 96.00 NOTE
r-patched-linux-x86_64 0.5 10.80 75.05 85.85 OK
r-release-linux-x86_64 0.5 7.12 74.63 81.75 OK
r-release-macos-arm64 0.5 42.00 OK
r-release-macos-x86_64 0.5 65.00 OK
r-release-windows-x86_64 0.5 8.00 86.00 94.00 OK
r-oldrel-macos-arm64 0.5 47.00 OK
r-oldrel-macos-x86_64 0.5 75.00 OK
r-oldrel-windows-x86_64 0.5 10.00 106.00 116.00 OK

Check Details

Version: 0.5
Check: Rd cross-references
Result: NOTE Found the following Rd file(s) with Rd \link{} targets missing package anchors: fit.lasso.Rd: glmnet, cv.glmnet Please provide package anchors for all Rd \link{} targets not in the package itself and the base packages. Flavors: r-devel-linux-x86_64-debian-clang, r-devel-linux-x86_64-debian-gcc, r-devel-windows-x86_64