Last updated on 2025-11-27 09:49:43 CET.
| Flavor | Version | Tinstall | Tcheck | Ttotal | Status | Flags |
|---|---|---|---|---|---|---|
| r-devel-linux-x86_64-debian-clang | 0.8.7 | 0.36 | 2.93 | 3.29 | ERROR | |
| r-devel-linux-x86_64-debian-gcc | 0.8.7 | 0.30 | 2.25 | 2.55 | ERROR | |
| r-devel-linux-x86_64-fedora-clang | 0.8.7 | 26.00 | 139.53 | 165.53 | OK | |
| r-devel-linux-x86_64-fedora-gcc | 0.8.7 | 30.00 | 155.93 | 185.93 | OK | |
| r-devel-windows-x86_64 | 0.8.7 | 10.00 | 134.00 | 144.00 | OK | |
| r-patched-linux-x86_64 | 0.8.7 | 0.37 | 1.89 | 2.26 | ERROR | |
| r-release-linux-x86_64 | 0.8.7 | 6.66 | 93.95 | 100.61 | OK | |
| r-release-macos-arm64 | 0.8.7 | OK | ||||
| r-release-macos-x86_64 | 0.8.7 | 6.00 | 94.00 | 100.00 | OK | |
| r-release-windows-x86_64 | 0.8.7 | 9.00 | 118.00 | 127.00 | OK | |
| r-oldrel-macos-arm64 | 0.8.7 | OK | ||||
| r-oldrel-macos-x86_64 | 0.8.7 | 5.00 | 94.00 | 99.00 | OK | |
| r-oldrel-windows-x86_64 | 0.8.7 | 13.00 | 142.00 | 155.00 | OK |
Version: 0.8.7
Check: package dependencies
Result: ERROR
Package required but not available: ‘rmapshaper’
See section ‘The DESCRIPTION file’ in the ‘Writing R Extensions’
manual.
Flavors: r-devel-linux-x86_64-debian-clang, r-devel-linux-x86_64-debian-gcc, r-patched-linux-x86_64