Last updated on 2025-02-19 09:50:57 CET.
Flavor | Version | Tinstall | Tcheck | Ttotal | Status | Flags |
---|---|---|---|---|---|---|
r-devel-linux-x86_64-debian-clang | 0.1.4 | 1.93 | 24.10 | 26.03 | NOTE | |
r-devel-linux-x86_64-debian-gcc | 0.1.4 | 1.54 | 19.22 | 20.76 | NOTE | |
r-devel-linux-x86_64-fedora-clang | 0.1.4 | 41.97 | OK | |||
r-devel-linux-x86_64-fedora-gcc | 0.1.4 | 54.36 | OK | |||
r-devel-macos-arm64 | 0.1.4 | 26.00 | OK | |||
r-devel-macos-x86_64 | 0.1.4 | 44.00 | OK | |||
r-devel-windows-x86_64 | 0.1.4 | 3.00 | 47.00 | 50.00 | NOTE | |
r-patched-linux-x86_64 | 0.1.4 | 3.06 | 23.81 | 26.87 | OK | |
r-release-linux-x86_64 | 0.1.4 | 1.94 | 22.82 | 24.76 | OK | |
r-release-macos-arm64 | 0.1.4 | 24.00 | OK | |||
r-release-macos-x86_64 | 0.1.4 | 33.00 | OK | |||
r-release-windows-x86_64 | 0.1.4 | 3.00 | 46.00 | 49.00 | OK | |
r-oldrel-macos-arm64 | 0.1.4 | 23.00 | OK | |||
r-oldrel-macos-x86_64 | 0.1.4 | 35.00 | OK | |||
r-oldrel-windows-x86_64 | 0.1.4 | 3.00 | 49.00 | 52.00 | OK |
Version: 0.1.4
Check: Rd cross-references
Result: NOTE
Found the following Rd file(s) with Rd \link{} targets missing package
anchors:
mvlm.Rd: davies
Please provide package anchors for all Rd \link{} targets not in the
package itself and the base packages.
Flavors: r-devel-linux-x86_64-debian-clang, r-devel-linux-x86_64-debian-gcc, r-devel-windows-x86_64