CRAN Package Check Results for Package MDplot

Last updated on 2025-02-20 09:50:55 CET.

Flavor Version Tinstall Tcheck Ttotal Status Flags
r-devel-linux-x86_64-debian-clang 1.0.1 4.97 54.84 59.81 NOTE
r-devel-linux-x86_64-debian-gcc 1.0.1 4.32 39.33 43.65 NOTE
r-devel-linux-x86_64-fedora-clang 1.0.1 98.07 OK
r-devel-linux-x86_64-fedora-gcc 1.0.1 108.66 OK
r-devel-macos-arm64 1.0.1 34.00 OK
r-devel-macos-x86_64 1.0.1 79.00 OK
r-devel-windows-x86_64 1.0.1 8.00 86.00 94.00 NOTE
r-patched-linux-x86_64 1.0.1 6.99 52.65 59.64 OK
r-release-linux-x86_64 1.0.1 3.97 52.12 56.09 OK
r-release-macos-arm64 1.0.1 37.00 NOTE
r-release-macos-x86_64 1.0.1 58.00 NOTE
r-release-windows-x86_64 1.0.1 7.00 87.00 94.00 NOTE
r-oldrel-macos-arm64 1.0.1 36.00 NOTE
r-oldrel-macos-x86_64 1.0.1 61.00 NOTE
r-oldrel-windows-x86_64 1.0.1 9.00 90.00 99.00 NOTE

Check Details

Version: 1.0.1
Check: Rd cross-references
Result: NOTE Found the following Rd file(s) with Rd \link{} targets missing package anchors: ramachandran.Rd: hist2d Please provide package anchors for all Rd \link{} targets not in the package itself and the base packages. Flavors: r-devel-linux-x86_64-debian-clang, r-devel-linux-x86_64-debian-gcc, r-devel-windows-x86_64

Version: 1.0.1
Check: installed package size
Result: NOTE installed size is 7.5Mb sub-directories of 1Mb or more: doc 1.9Mb extdata 5.3Mb Flavors: r-release-macos-arm64, r-release-macos-x86_64, r-release-windows-x86_64, r-oldrel-macos-arm64, r-oldrel-macos-x86_64, r-oldrel-windows-x86_64