Last updated on 2025-02-20 09:50:54 CET.
Flavor | Version | Tinstall | Tcheck | Ttotal | Status | Flags |
---|---|---|---|---|---|---|
r-devel-linux-x86_64-debian-clang | 4.9.3 | 18.52 | 96.21 | 114.73 | NOTE | |
r-devel-linux-x86_64-debian-gcc | 4.9.3 | 11.79 | 61.78 | 73.57 | NOTE | |
r-devel-linux-x86_64-fedora-clang | 4.9.3 | 185.89 | OK | |||
r-devel-linux-x86_64-fedora-gcc | 4.9.3 | 170.47 | OK | |||
r-devel-macos-arm64 | 4.9.3 | 45.00 | OK | |||
r-devel-macos-x86_64 | 4.9.3 | 91.00 | OK | |||
r-devel-windows-x86_64 | 4.9.3 | 22.00 | 115.00 | 137.00 | NOTE | |
r-patched-linux-x86_64 | 4.9.3 | 24.44 | 90.19 | 114.63 | OK | |
r-release-linux-x86_64 | 4.9.3 | 14.01 | 88.78 | 102.79 | OK | |
r-release-macos-arm64 | 4.9.3 | 42.00 | OK | |||
r-release-macos-x86_64 | 4.9.3 | 65.00 | OK | |||
r-release-windows-x86_64 | 4.9.3 | 21.00 | 115.00 | 136.00 | OK | |
r-oldrel-macos-arm64 | 4.9.3 | 42.00 | OK | |||
r-oldrel-macos-x86_64 | 4.9.3 | 88.00 | OK | |||
r-oldrel-windows-x86_64 | 4.9.3 | 23.00 | 131.00 | 154.00 | OK |
Version: 4.9.3
Check: Rd cross-references
Result: NOTE
Found the following Rd file(s) with Rd \link{} targets missing package
anchors:
upsilon.Rd: lavaan, boot
Please provide package anchors for all Rd \link{} targets not in the
package itself and the base packages.
Flavors: r-devel-linux-x86_64-debian-clang, r-devel-linux-x86_64-debian-gcc, r-devel-windows-x86_64