Last updated on 2025-02-17 09:49:45 CET.
Flavor | Version | Tinstall | Tcheck | Ttotal | Status | Flags |
---|---|---|---|---|---|---|
r-devel-linux-x86_64-debian-clang | 1.2.2 | 6.31 | 273.50 | 279.81 | OK | |
r-devel-linux-x86_64-debian-gcc | 1.2.2 | 4.34 | 180.91 | 185.25 | OK | |
r-devel-linux-x86_64-fedora-clang | 1.2.2 | 475.97 | OK | |||
r-devel-linux-x86_64-fedora-gcc | 1.2.2 | 453.22 | OK | |||
r-devel-macos-arm64 | 1.2.2 | 115.00 | OK | |||
r-devel-macos-x86_64 | 1.2.2 | 246.00 | OK | |||
r-devel-windows-x86_64 | 1.2.2 | 8.00 | 412.00 | 420.00 | OK | |
r-patched-linux-x86_64 | 1.2.2 | 10.24 | 258.30 | 268.54 | OK | |
r-release-linux-x86_64 | 1.2.2 | 6.41 | 259.72 | 266.13 | OK | |
r-release-macos-arm64 | 1.2.2 | 111.00 | NOTE | |||
r-release-macos-x86_64 | 1.2.2 | 235.00 | NOTE | |||
r-release-windows-x86_64 | 1.2.2 | 8.00 | 385.00 | 393.00 | NOTE | |
r-oldrel-macos-arm64 | 1.2.2 | 123.00 | NOTE | |||
r-oldrel-macos-x86_64 | 1.2.2 | 167.00 | NOTE | |||
r-oldrel-windows-x86_64 | 1.2.2 | 10.00 | 442.00 | 452.00 | NOTE |
Version: 1.2.2
Check: installed package size
Result: NOTE
installed size is 5.3Mb
sub-directories of 1Mb or more:
data 1.2Mb
doc 3.5Mb
Flavors: r-release-macos-arm64, r-release-macos-x86_64, r-release-windows-x86_64, r-oldrel-macos-arm64, r-oldrel-macos-x86_64, r-oldrel-windows-x86_64
Version: 1.2.2
Check: package dependencies
Result: NOTE
Package suggested but not available for checking: ‘DescTools’
Flavor: r-oldrel-macos-x86_64