CRAN Package Check Results for Package MASSTIMATE

Last updated on 2025-02-20 09:50:54 CET.

Flavor Version Tinstall Tcheck Ttotal Status Flags
r-devel-linux-x86_64-debian-clang 2.0-1 1.81 23.53 25.34 NOTE
r-devel-linux-x86_64-debian-gcc 2.0-1 1.73 19.02 20.75 NOTE
r-devel-linux-x86_64-fedora-clang 2.0-1 41.12 NOTE
r-devel-linux-x86_64-fedora-gcc 2.0-1 39.42 NOTE
r-devel-macos-arm64 2.0-1 21.00 NOTE
r-devel-macos-x86_64 2.0-1 32.00 NOTE
r-devel-windows-x86_64 2.0-1 3.00 44.00 47.00 NOTE
r-patched-linux-x86_64 2.0-1 2.54 22.86 25.40 NOTE
r-release-linux-x86_64 2.0-1 2.27 22.43 24.70 NOTE
r-release-macos-arm64 2.0-1 16.00 NOTE
r-release-macos-x86_64 2.0-1 23.00 NOTE
r-release-windows-x86_64 2.0-1 4.00 44.00 48.00 NOTE
r-oldrel-macos-arm64 2.0-1 19.00 OK
r-oldrel-macos-x86_64 2.0-1 24.00 OK
r-oldrel-windows-x86_64 2.0-1 5.00 46.00 51.00 OK

Check Details

Version: 2.0-1
Check: Rd files
Result: NOTE checkRd: (-1) CF2004.Rd:8: Lost braces; missing escapes or markup? 8 | \item{X2}{an optional second variable with same length as \code{X}, should the equation be multiple (see Details) {in mm}} | ^ Flavors: r-devel-linux-x86_64-debian-clang, r-devel-linux-x86_64-debian-gcc, r-devel-linux-x86_64-fedora-clang, r-devel-linux-x86_64-fedora-gcc, r-devel-macos-arm64, r-devel-macos-x86_64, r-devel-windows-x86_64, r-patched-linux-x86_64, r-release-linux-x86_64, r-release-macos-arm64, r-release-macos-x86_64, r-release-windows-x86_64