Last updated on 2025-02-17 09:49:45 CET.
Flavor | Version | Tinstall | Tcheck | Ttotal | Status | Flags |
---|---|---|---|---|---|---|
r-devel-linux-x86_64-debian-clang | 0.9 | 5.01 | 41.52 | 46.53 | OK | |
r-devel-linux-x86_64-debian-gcc | 0.9 | 4.14 | 31.83 | 35.97 | OK | |
r-devel-linux-x86_64-fedora-clang | 0.9 | 77.98 | OK | |||
r-devel-linux-x86_64-fedora-gcc | 0.9 | 72.86 | OK | |||
r-devel-macos-arm64 | 0.9 | 24.00 | OK | |||
r-devel-macos-x86_64 | 0.9 | 44.00 | OK | |||
r-devel-windows-x86_64 | 0.9 | 7.00 | 62.00 | 69.00 | OK | |
r-patched-linux-x86_64 | 0.9 | 5.77 | 39.84 | 45.61 | NOTE | |
r-release-linux-x86_64 | 0.9 | 5.10 | 39.78 | 44.88 | NOTE | |
r-release-macos-arm64 | 0.9 | 24.00 | NOTE | |||
r-release-macos-x86_64 | 0.9 | 35.00 | NOTE | |||
r-release-windows-x86_64 | 0.9 | 7.00 | 62.00 | 69.00 | NOTE | |
r-oldrel-macos-arm64 | 0.9 | 27.00 | NOTE | |||
r-oldrel-macos-x86_64 | 0.9 | 39.00 | NOTE | |||
r-oldrel-windows-x86_64 | 0.9 | 9.00 | 99.00 | 108.00 | NOTE |
Version: 0.9
Check: LazyData
Result: NOTE
'LazyData' is specified without a 'data' directory
Flavors: r-patched-linux-x86_64, r-release-linux-x86_64, r-release-macos-arm64, r-release-macos-x86_64, r-release-windows-x86_64, r-oldrel-macos-arm64, r-oldrel-macos-x86_64, r-oldrel-windows-x86_64