CRAN Package Check Results for Package IsoSpecR

Last updated on 2025-11-27 09:49:41 CET.

Flavor Version Tinstall Tcheck Ttotal Status Flags
r-devel-linux-x86_64-debian-clang 2.1.3 24.67 26.40 51.07 NOTE
r-devel-linux-x86_64-debian-gcc 2.1.3 17.26 21.37 38.63 NOTE
r-devel-linux-x86_64-fedora-clang 2.1.3 161.00 -58.01 102.99 NOTE
r-devel-linux-x86_64-fedora-gcc 2.1.3 50.00 29.90 79.90 NOTE
r-devel-windows-x86_64 2.1.3 41.00 62.00 103.00 NOTE
r-patched-linux-x86_64 2.1.3 23.34 25.01 48.35 NOTE
r-release-linux-x86_64 2.1.3 23.29 25.00 48.29 NOTE
r-release-macos-arm64 2.1.3 NOTE
r-release-macos-x86_64 2.1.3 10.00 24.00 34.00 NOTE
r-release-windows-x86_64 2.1.3 31.00 61.00 92.00 NOTE
r-oldrel-macos-arm64 2.1.3 NOTE
r-oldrel-macos-x86_64 2.1.3 9.00 22.00 31.00 NOTE
r-oldrel-windows-x86_64 2.1.3 32.00 74.00 106.00 NOTE

Check Details

Version: 2.1.3
Check: CRAN incoming feasibility
Result: NOTE Maintainer: ‘Matteo Lacki <matteo.lacki@gmail.com>’ No Authors@R field in DESCRIPTION. Please add one, modifying Authors@R: c(person(given = c("Mateusz", "Krzysztof"), family = "Lacki", role = "aut"), person(given = "Michal", family = "Startek", role = "aut"), person(given = "Matteo", family = "Lacki", role = "cre", email = "matteo.lacki@gmail.com")) as necessary. Package CITATION file contains call(s) to old-style personList() or as.personList(). Please use c() on person objects instead. Package CITATION file contains call(s) to old-style citEntry(). Please use bibentry() instead. Flavors: r-devel-linux-x86_64-debian-clang, r-devel-linux-x86_64-debian-gcc

Version: 2.1.3
Check: C++ specification
Result: NOTE Specified C++14: please drop specification unless essential Flavors: r-devel-linux-x86_64-debian-clang, r-devel-linux-x86_64-debian-gcc, r-devel-windows-x86_64, r-patched-linux-x86_64, r-release-linux-x86_64, r-release-macos-arm64, r-release-macos-x86_64, r-release-windows-x86_64, r-oldrel-macos-arm64, r-oldrel-macos-x86_64, r-oldrel-windows-x86_64

Version: 2.1.3
Check: C++ specification
Result: NOTE Specified C++14: support will be removed soon Flavors: r-devel-linux-x86_64-fedora-clang, r-devel-linux-x86_64-fedora-gcc