Last updated on 2025-02-19 09:50:51 CET.
Flavor | Version | Tinstall | Tcheck | Ttotal | Status | Flags |
---|---|---|---|---|---|---|
r-devel-linux-x86_64-debian-clang | 0.1.6 | 20.50 | 75.99 | 96.49 | NOTE | |
r-devel-linux-x86_64-debian-gcc | 0.1.6 | 15.07 | 55.54 | 70.61 | NOTE | |
r-devel-linux-x86_64-fedora-clang | 0.1.6 | 159.02 | NOTE | |||
r-devel-linux-x86_64-fedora-gcc | 0.1.6 | 151.67 | NOTE | |||
r-devel-macos-arm64 | 0.1.6 | 50.00 | NOTE | |||
r-devel-macos-x86_64 | 0.1.6 | 107.00 | NOTE | |||
r-devel-windows-x86_64 | 0.1.6 | 23.00 | 134.00 | 157.00 | NOTE | |
r-patched-linux-x86_64 | 0.1.6 | 23.05 | 70.61 | 93.66 | NOTE | |
r-release-linux-x86_64 | 0.1.6 | 22.17 | 71.87 | 94.04 | NOTE | |
r-release-macos-arm64 | 0.1.6 | 48.00 | NOTE | |||
r-release-macos-x86_64 | 0.1.6 | 85.00 | NOTE | |||
r-release-windows-x86_64 | 0.1.6 | 21.00 | 132.00 | 153.00 | NOTE | |
r-oldrel-macos-arm64 | 0.1.6 | 53.00 | NOTE | |||
r-oldrel-macos-x86_64 | 0.1.6 | 81.00 | NOTE | |||
r-oldrel-windows-x86_64 | 0.1.6 | 28.00 | 155.00 | 183.00 | NOTE |
Version: 0.1.6
Check: C++ specification
Result: NOTE
Specified C++11: please drop specification unless essential
Flavors: r-devel-linux-x86_64-debian-clang, r-devel-linux-x86_64-debian-gcc, r-devel-linux-x86_64-fedora-clang, r-devel-linux-x86_64-fedora-gcc, r-devel-macos-arm64, r-devel-macos-x86_64, r-devel-windows-x86_64, r-patched-linux-x86_64, r-release-linux-x86_64, r-release-macos-arm64, r-release-macos-x86_64, r-release-windows-x86_64, r-oldrel-macos-arm64, r-oldrel-macos-x86_64, r-oldrel-windows-x86_64
Version: 0.1.6
Check: LazyData
Result: NOTE
'LazyData' is specified without a 'data' directory
Flavors: r-patched-linux-x86_64, r-release-linux-x86_64, r-release-macos-arm64, r-release-macos-x86_64, r-release-windows-x86_64, r-oldrel-macos-arm64, r-oldrel-macos-x86_64, r-oldrel-windows-x86_64