CRAN Package Check Results for Package GomoGomonoMi

Last updated on 2025-07-13 09:49:42 CEST.

Flavor Version Tinstall Tcheck Ttotal Status Flags
r-devel-linux-x86_64-debian-clang 0.1.0 1.30 18.15 19.45 NOTE
r-devel-linux-x86_64-debian-gcc 0.1.0 1.40 15.32 16.72 NOTE
r-devel-linux-x86_64-fedora-clang 0.1.0 27.67 OK
r-devel-linux-x86_64-fedora-gcc 0.1.0 26.70 OK
r-devel-windows-x86_64 0.1.0 3.00 38.00 41.00 OK
r-patched-linux-x86_64 0.1.0 1.68 16.12 17.80 OK
r-release-linux-x86_64 0.1.0 1.47 15.93 17.40 OK
r-release-macos-arm64 0.1.0 20.00 OK
r-release-macos-x86_64 0.1.0 25.00 OK
r-release-windows-x86_64 0.1.0 3.00 38.00 41.00 OK
r-oldrel-macos-arm64 0.1.0 14.00 NOTE
r-oldrel-macos-x86_64 0.1.0 19.00 NOTE
r-oldrel-windows-x86_64 0.1.0 3.00 41.00 44.00 NOTE

Check Details

Version: 0.1.0
Check: CRAN incoming feasibility
Result: NOTE Maintainer: ‘Mohamed El Fodil Ihaddaden <ihaddaden.fodeil@gmail.com>’ No Authors@R field in DESCRIPTION. Please add one, modifying Authors@R: person(given = c("Mohamed", "El", "Fodil"), family = "Ihaddaden", role = c("aut", "cre"), email = "ihaddaden.fodeil@gmail.com") as necessary. Flavors: r-devel-linux-x86_64-debian-clang, r-devel-linux-x86_64-debian-gcc

Version: 0.1.0
Check: LazyData
Result: NOTE 'LazyData' is specified without a 'data' directory Flavors: r-oldrel-macos-arm64, r-oldrel-macos-x86_64, r-oldrel-windows-x86_64