Last updated on 2025-02-17 09:49:41 CET.
Flavor | Version | Tinstall | Tcheck | Ttotal | Status | Flags |
---|---|---|---|---|---|---|
r-devel-linux-x86_64-debian-clang | 1.0 | 13.67 | 136.25 | 149.92 | NOTE | |
r-devel-linux-x86_64-debian-gcc | 1.0 | 9.25 | 91.00 | 100.25 | NOTE | |
r-devel-linux-x86_64-fedora-clang | 1.0 | 247.69 | OK | |||
r-devel-linux-x86_64-fedora-gcc | 1.0 | 223.50 | OK | |||
r-devel-macos-arm64 | 1.0 | 55.00 | OK | |||
r-devel-macos-x86_64 | 1.0 | 122.00 | OK | |||
r-devel-windows-x86_64 | 1.0 | 14.00 | 136.00 | 150.00 | NOTE | |
r-patched-linux-x86_64 | 1.0 | 15.58 | 123.91 | 139.49 | NOTE | |
r-release-linux-x86_64 | 1.0 | 11.84 | 123.58 | 135.42 | NOTE | |
r-release-macos-arm64 | 1.0 | 58.00 | NOTE | |||
r-release-macos-x86_64 | 1.0 | 90.00 | NOTE | |||
r-release-windows-x86_64 | 1.0 | 14.00 | 134.00 | 148.00 | NOTE | |
r-oldrel-macos-arm64 | 1.0 | 62.00 | NOTE | |||
r-oldrel-macos-x86_64 | 1.0 | 105.00 | NOTE | |||
r-oldrel-windows-x86_64 | 1.0 | 17.00 | 167.00 | 184.00 | NOTE |
Version: 1.0
Check: Rd cross-references
Result: NOTE
Found the following Rd file(s) with Rd \link{} targets missing package
anchors:
comb_EIG2.Rd: accuracy
comb_SA.Rd: accuracy
Please provide package anchors for all Rd \link{} targets not in the
package itself and the base packages.
Flavors: r-devel-linux-x86_64-debian-clang, r-devel-linux-x86_64-debian-gcc, r-devel-windows-x86_64
Version: 1.0
Check: LazyData
Result: NOTE
'LazyData' is specified without a 'data' directory
Flavors: r-patched-linux-x86_64, r-release-linux-x86_64, r-release-macos-arm64, r-release-macos-x86_64, r-release-windows-x86_64, r-oldrel-macos-arm64, r-oldrel-macos-x86_64, r-oldrel-windows-x86_64