CRAN Package Check Results for Package GLDreg

Last updated on 2025-02-17 09:49:42 CET.

Flavor Version Tinstall Tcheck Ttotal Status Flags
r-devel-linux-x86_64-debian-clang 1.1.1 4.07 46.58 50.65 NOTE
r-devel-linux-x86_64-debian-gcc 1.1.1 2.86 32.45 35.31 NOTE
r-devel-linux-x86_64-fedora-clang 1.1.1 86.73 OK
r-devel-linux-x86_64-fedora-gcc 1.1.1 77.95 OK
r-devel-macos-arm64 1.1.1 28.00 OK
r-devel-macos-x86_64 1.1.1 48.00 OK
r-devel-windows-x86_64 1.1.1 5.00 76.00 81.00 NOTE
r-patched-linux-x86_64 1.1.1 6.57 44.55 51.12 OK
r-release-linux-x86_64 1.1.1 4.20 44.08 48.28 OK
r-release-macos-arm64 1.1.1 28.00 OK
r-release-macos-x86_64 1.1.1 40.00 OK
r-release-windows-x86_64 1.1.1 5.00 76.00 81.00 OK
r-oldrel-macos-arm64 1.1.1 30.00 OK
r-oldrel-macos-x86_64 1.1.1 60.00 OK
r-oldrel-windows-x86_64 1.1.1 6.00 81.00 87.00 OK

Check Details

Version: 1.1.1
Check: Rd cross-references
Result: NOTE Found the following Rd file(s) with Rd \link{} targets missing package anchors: GLD.lm.Rd: fun.RMFMKL.ml.m, fun.RMFMKL.ml, fun.RMFMKL.lm, fun.RPRS.ml.m, fun.RPRS.ml, fun.RPRS.lm GLD.lm.full.Rd: fun.RMFMKL.ml.m, fun.RMFMKL.ml, fun.RMFMKL.lm, fun.RPRS.ml.m, fun.RPRS.ml, fun.RPRS.lm GLD.lm.full.surv.Rd: fun.RMFMKL.ml.m, fun.RMFMKL.ml, fun.RPRS.ml.m, fun.RPRS.ml GLD.lm.surv.Rd: fun.RMFMKL.ml.m, fun.RMFMKL.ml, fun.RPRS.ml.m, fun.RPRS.ml qqgld.default.Rd: qqplot.gld, qqplot.gld.bi Please provide package anchors for all Rd \link{} targets not in the package itself and the base packages. Flavors: r-devel-linux-x86_64-debian-clang, r-devel-linux-x86_64-debian-gcc, r-devel-windows-x86_64