Last updated on 2025-02-20 09:50:49 CET.
Flavor | Version | Tinstall | Tcheck | Ttotal | Status | Flags |
---|---|---|---|---|---|---|
r-devel-linux-x86_64-debian-clang | 1.2-3 | 73.35 | 72.46 | 145.81 | NOTE | |
r-devel-linux-x86_64-debian-gcc | 1.2-3 | 56.64 | 55.29 | 111.93 | NOTE | |
r-devel-linux-x86_64-fedora-clang | 1.2-3 | 241.51 | OK | |||
r-devel-linux-x86_64-fedora-gcc | 1.2-3 | 244.94 | OK | |||
r-devel-macos-arm64 | 1.2-3 | 92.00 | OK | |||
r-devel-macos-x86_64 | 1.2-3 | 153.00 | OK | |||
r-devel-windows-x86_64 | 1.2-3 | 76.00 | 82.00 | 158.00 | NOTE | |
r-patched-linux-x86_64 | 1.2-3 | 81.67 | 69.45 | 151.12 | OK | |
r-release-linux-x86_64 | 1.2-3 | 79.05 | 67.17 | 146.22 | OK | |
r-release-macos-arm64 | 1.2-3 | 91.00 | NOTE | |||
r-release-macos-x86_64 | 1.2-3 | 114.00 | NOTE | |||
r-release-windows-x86_64 | 1.2-3 | 77.00 | 81.00 | 158.00 | NOTE | |
r-oldrel-macos-arm64 | 1.2-3 | 99.00 | NOTE | |||
r-oldrel-macos-x86_64 | 1.2-3 | 256.00 | NOTE | |||
r-oldrel-windows-x86_64 | 1.2-3 | 101.00 | 91.00 | 192.00 | NOTE |
Version: 1.2-3
Check: Rd cross-references
Result: NOTE
Found the following Rd file(s) with Rd \link{} targets missing package
anchors:
Catalogues.Rd: FrF2
Please provide package anchors for all Rd \link{} targets not in the
package itself and the base packages.
Flavors: r-devel-linux-x86_64-debian-clang, r-devel-linux-x86_64-debian-gcc, r-devel-windows-x86_64
Version: 1.2-3
Check: installed package size
Result: NOTE
installed size is 6.7Mb
sub-directories of 1Mb or more:
R 6.6Mb
Flavors: r-release-macos-arm64, r-release-macos-x86_64, r-release-windows-x86_64, r-oldrel-macos-arm64, r-oldrel-macos-x86_64, r-oldrel-windows-x86_64