Last updated on 2025-11-27 09:49:38 CET.
| Flavor | Version | Tinstall | Tcheck | Ttotal | Status | Flags |
|---|---|---|---|---|---|---|
| r-devel-linux-x86_64-debian-clang | 1.2 | 7.84 | 58.16 | 66.00 | OK | |
| r-devel-linux-x86_64-debian-gcc | 1.2 | 5.38 | 44.86 | 50.24 | OK | |
| r-devel-linux-x86_64-fedora-clang | 1.2 | 15.00 | 89.48 | 104.48 | OK | |
| r-devel-linux-x86_64-fedora-gcc | 1.2 | 26.00 | 79.25 | 105.25 | OK | |
| r-devel-windows-x86_64 | 1.2 | 10.00 | 68.00 | 78.00 | OK | |
| r-patched-linux-x86_64 | 1.2 | 6.40 | 55.69 | 62.09 | OK | |
| r-release-linux-x86_64 | 1.2 | 6.04 | 56.44 | 62.48 | OK | |
| r-release-macos-arm64 | 1.2 | OK | ||||
| r-release-macos-x86_64 | 1.2 | 6.00 | 50.00 | 56.00 | OK | |
| r-release-windows-x86_64 | 1.2 | 8.00 | 77.00 | 85.00 | OK | |
| r-oldrel-macos-arm64 | 1.2 | NOTE | ||||
| r-oldrel-macos-x86_64 | 1.2 | 5.00 | 60.00 | 65.00 | NOTE | |
| r-oldrel-windows-x86_64 | 1.2 | 11.00 | 82.00 | 93.00 | NOTE |
Version: 1.2
Check: package dependencies
Result: NOTE
Package suggested but not available for checking: ‘coxKM’
Flavors: r-oldrel-macos-arm64, r-oldrel-macos-x86_64, r-oldrel-windows-x86_64