Last updated on 2025-02-20 09:50:49 CET.
Flavor | Version | Tinstall | Tcheck | Ttotal | Status | Flags |
---|---|---|---|---|---|---|
r-devel-linux-x86_64-debian-clang | 0.1.1 | 16.38 | 22.83 | 39.21 | OK | |
r-devel-linux-x86_64-debian-gcc | 0.1.1 | 13.04 | 17.89 | 30.93 | OK | |
r-devel-linux-x86_64-fedora-clang | 0.1.1 | 76.49 | NOTE | |||
r-devel-linux-x86_64-fedora-gcc | 0.1.1 | 71.76 | NOTE | |||
r-devel-macos-arm64 | 0.1.1 | 24.00 | OK | |||
r-devel-macos-x86_64 | 0.1.1 | 40.00 | OK | |||
r-devel-windows-x86_64 | 0.1.1 | 21.00 | 74.00 | 95.00 | OK | |
r-patched-linux-x86_64 | 0.1.1 | 18.63 | 21.47 | 40.10 | NOTE | |
r-release-linux-x86_64 | 0.1.1 | 18.08 | 21.46 | 39.54 | NOTE | |
r-release-macos-arm64 | 0.1.1 | 25.00 | NOTE | |||
r-release-macos-x86_64 | 0.1.1 | 37.00 | NOTE | |||
r-release-windows-x86_64 | 0.1.1 | 22.00 | 71.00 | 93.00 | NOTE | |
r-oldrel-macos-arm64 | 0.1.1 | 27.00 | NOTE | |||
r-oldrel-macos-x86_64 | 0.1.1 | 40.00 | NOTE | |||
r-oldrel-windows-x86_64 | 0.1.1 | 27.00 | 85.00 | 112.00 | NOTE |
Version: 0.1.1
Check: compiled code
Result: NOTE
File ‘FastBandChol/libs/FastBandChol.so’:
Found no calls to: ‘R_registerRoutines’, ‘R_useDynamicSymbols’
It is good practice to register native routines and to disable symbol
search.
See ‘Writing portable packages’ in the ‘Writing R Extensions’ manual.
Flavors: r-devel-linux-x86_64-fedora-clang, r-devel-linux-x86_64-fedora-gcc
Version: 0.1.1
Check: LazyData
Result: NOTE
'LazyData' is specified without a 'data' directory
Flavors: r-patched-linux-x86_64, r-release-linux-x86_64, r-release-macos-arm64, r-release-macos-x86_64, r-release-windows-x86_64, r-oldrel-macos-arm64, r-oldrel-macos-x86_64, r-oldrel-windows-x86_64