Last updated on 2025-02-20 09:50:49 CET.
Flavor | Version | Tinstall | Tcheck | Ttotal | Status | Flags |
---|---|---|---|---|---|---|
r-devel-linux-x86_64-debian-clang | 1.0.0 | 11.76 | 175.96 | 187.72 | NOTE | |
r-devel-linux-x86_64-debian-gcc | 1.0.0 | 9.27 | 125.64 | 134.91 | NOTE | |
r-devel-linux-x86_64-fedora-clang | 1.0.0 | 243.94 | NOTE | |||
r-devel-linux-x86_64-fedora-gcc | 1.0.0 | 256.86 | NOTE | |||
r-devel-macos-arm64 | 1.0.0 | 97.00 | OK | |||
r-devel-macos-x86_64 | 1.0.0 | 181.00 | NOTE | |||
r-devel-windows-x86_64 | 1.0.0 | 13.00 | 300.00 | 313.00 | NOTE | |
r-patched-linux-x86_64 | 1.0.0 | 10.72 | 293.10 | 303.82 | OK | |
r-release-linux-x86_64 | 1.0.0 | 11.25 | 348.26 | 359.51 | OK | |
r-release-macos-arm64 | 1.0.0 | 71.00 | OK | |||
r-release-macos-x86_64 | 1.0.0 | 118.00 | OK | |||
r-release-windows-x86_64 | 1.0.0 | 12.00 | 183.00 | 195.00 | OK | |
r-oldrel-macos-arm64 | 1.0.0 | 102.00 | OK | |||
r-oldrel-macos-x86_64 | 1.0.0 | 138.00 | OK | |||
r-oldrel-windows-x86_64 | 1.0.0 | 16.00 | 1664.00 | 1680.00 | OK |
Version: 1.0.0
Check: DESCRIPTION meta-information
Result: NOTE
Missing dependency on R >= 4.1.0 because package code uses the pipe
|> or function shorthand \(...) syntax added in R 4.1.0.
File(s) using such syntax:
‘utility_fSACF.R’
Flavors: r-devel-linux-x86_64-debian-clang, r-devel-linux-x86_64-debian-gcc, r-devel-linux-x86_64-fedora-clang, r-devel-linux-x86_64-fedora-gcc, r-devel-macos-x86_64, r-devel-windows-x86_64