Last updated on 2025-02-19 09:50:49 CET.
Flavor | Version | Tinstall | Tcheck | Ttotal | Status | Flags |
---|---|---|---|---|---|---|
r-devel-linux-x86_64-debian-clang | 0.3.13 | 62.94 | 55.78 | 118.72 | OK | |
r-devel-linux-x86_64-debian-gcc | 0.3.13 | 51.13 | 40.36 | 91.49 | OK | |
r-devel-linux-x86_64-fedora-clang | 0.3.13 | 224.88 | OK | |||
r-devel-linux-x86_64-fedora-gcc | 0.3.13 | 260.93 | OK | |||
r-devel-macos-arm64 | 0.3.13 | 76.00 | OK | |||
r-devel-macos-x86_64 | 0.3.13 | 121.00 | OK | |||
r-devel-windows-x86_64 | 0.3.13 | 78.00 | 111.00 | 189.00 | OK | |
r-patched-linux-x86_64 | 0.3.13 | 70.91 | 52.75 | 123.66 | OK | |
r-release-linux-x86_64 | 0.3.13 | 69.13 | 53.09 | 122.22 | OK | |
r-release-macos-arm64 | 0.3.13 | 73.00 | NOTE | |||
r-release-macos-x86_64 | 0.3.13 | 121.00 | NOTE | |||
r-release-windows-x86_64 | 0.3.13 | 78.00 | 108.00 | 186.00 | OK | |
r-oldrel-macos-arm64 | 0.3.13 | 68.00 | NOTE | |||
r-oldrel-macos-x86_64 | 0.3.13 | 99.00 | NOTE | |||
r-oldrel-windows-x86_64 | 0.3.13 | 91.00 | 112.00 | 203.00 | OK |
Version: 0.3.13
Check: package dependencies
Result: NOTE
Package suggested but not available for checking: ‘RTCGA.rnaseq’
Flavors: r-release-macos-arm64, r-oldrel-macos-arm64, r-oldrel-macos-x86_64
Version: 0.3.13
Check: installed package size
Result: NOTE
installed size is 10.1Mb
sub-directories of 1Mb or more:
libs 9.7Mb
Flavors: r-release-macos-arm64, r-release-macos-x86_64, r-oldrel-macos-arm64, r-oldrel-macos-x86_64