Last updated on 2025-02-19 09:50:48 CET.
Flavor | Version | Tinstall | Tcheck | Ttotal | Status | Flags |
---|---|---|---|---|---|---|
r-devel-linux-x86_64-debian-clang | 0.1.0 | 3.49 | 54.31 | 57.80 | NOTE | |
r-devel-linux-x86_64-debian-gcc | 0.1.0 | 3.08 | 35.74 | 38.82 | NOTE | |
r-devel-linux-x86_64-fedora-clang | 0.1.0 | 97.34 | NOTE | |||
r-devel-linux-x86_64-fedora-gcc | 0.1.0 | 90.22 | NOTE | |||
r-devel-macos-arm64 | 0.1.0 | 24.00 | NOTE | |||
r-devel-macos-x86_64 | 0.1.0 | 50.00 | NOTE | |||
r-devel-windows-x86_64 | 0.1.0 | 4.00 | 71.00 | 75.00 | NOTE | |
r-patched-linux-x86_64 | 0.1.0 | 3.81 | 51.07 | 54.88 | NOTE | |
r-release-linux-x86_64 | 0.1.0 | 3.07 | 50.69 | 53.76 | NOTE | |
r-release-macos-arm64 | 0.1.0 | 29.00 | NOTE | |||
r-release-macos-x86_64 | 0.1.0 | 41.00 | NOTE | |||
r-release-windows-x86_64 | 0.1.0 | 4.00 | 66.00 | 70.00 | NOTE | |
r-oldrel-macos-arm64 | 0.1.0 | 26.00 | OK | |||
r-oldrel-macos-x86_64 | 0.1.0 | 49.00 | OK | |||
r-oldrel-windows-x86_64 | 0.1.0 | 5.00 | 72.00 | 77.00 | OK |
Version: 0.1.0
Check: Rd files
Result: NOTE
checkRd: (-1) EEzGP_fit.Rd:50: Lost braces in \itemize; \value handles \item{}{} directly
checkRd: (-1) EEzGP_fit.Rd:51: Lost braces in \itemize; \value handles \item{}{} directly
checkRd: (-1) EEzGP_predict.Rd:19: Lost braces in \itemize; \value handles \item{}{} directly
checkRd: (-1) EEzGP_predict.Rd:20: Lost braces in \itemize; \value handles \item{}{} directly
checkRd: (-1) EzGP_fit.Rd:50: Lost braces in \itemize; \value handles \item{}{} directly
checkRd: (-1) EzGP_fit.Rd:51: Lost braces in \itemize; \value handles \item{}{} directly
checkRd: (-1) EzGP_predict.Rd:19: Lost braces in \itemize; \value handles \item{}{} directly
checkRd: (-1) EzGP_predict.Rd:20: Lost braces in \itemize; \value handles \item{}{} directly
checkRd: (-1) LEzGP_fit.Rd:59: Lost braces in \itemize; \value handles \item{}{} directly
checkRd: (-1) LEzGP_fit.Rd:60: Lost braces in \itemize; \value handles \item{}{} directly
checkRd: (-1) LLF_gradients.Rd:29: Lost braces in \itemize; \value handles \item{}{} directly
checkRd: (-1) LLF_gradients.Rd:30: Lost braces in \itemize; \value handles \item{}{} directly
Flavors: r-devel-linux-x86_64-debian-clang, r-devel-linux-x86_64-debian-gcc, r-devel-linux-x86_64-fedora-clang, r-devel-linux-x86_64-fedora-gcc, r-devel-macos-arm64, r-devel-macos-x86_64, r-devel-windows-x86_64, r-patched-linux-x86_64, r-release-linux-x86_64, r-release-macos-arm64, r-release-macos-x86_64, r-release-windows-x86_64