Last updated on 2025-02-19 09:50:48 CET.
Flavor | Version | Tinstall | Tcheck | Ttotal | Status | Flags |
---|---|---|---|---|---|---|
r-devel-linux-x86_64-debian-clang | 0.1.0 | 12.62 | 96.16 | 108.78 | OK | |
r-devel-linux-x86_64-debian-gcc | 0.1.0 | 8.25 | 68.33 | 76.58 | OK | |
r-devel-linux-x86_64-fedora-clang | 0.1.0 | 170.39 | NOTE | |||
r-devel-linux-x86_64-fedora-gcc | 0.1.0 | 159.64 | NOTE | |||
r-devel-macos-arm64 | 0.1.0 | 43.00 | OK | |||
r-devel-macos-x86_64 | 0.1.0 | 89.00 | OK | |||
r-devel-windows-x86_64 | 0.1.0 | 13.00 | 97.00 | 110.00 | OK | |
r-patched-linux-x86_64 | 0.1.0 | 10.97 | 88.73 | 99.70 | OK | |
r-release-linux-x86_64 | 0.1.0 | 10.96 | 88.60 | 99.56 | OK | |
r-release-macos-arm64 | 0.1.0 | 47.00 | OK | |||
r-release-macos-x86_64 | 0.1.0 | 86.00 | OK | |||
r-release-windows-x86_64 | 0.1.0 | 13.00 | 97.00 | 110.00 | OK | |
r-oldrel-macos-arm64 | 0.1.0 | 53.00 | OK | |||
r-oldrel-macos-x86_64 | 0.1.0 | 84.00 | OK | |||
r-oldrel-windows-x86_64 | 0.1.0 | 17.00 | 119.00 | 136.00 | OK |
Version: 0.1.0
Check: dependencies in R code
Result: NOTE
Namespaces in Imports field not imported from:
‘reticulate’ ‘tensorflow’
All declared Imports should be used.
Flavors: r-devel-linux-x86_64-fedora-clang, r-devel-linux-x86_64-fedora-gcc