CRAN Package Check Results for Package ECharts2Shiny

Last updated on 2025-02-19 09:50:47 CET.

Flavor Version Tinstall Tcheck Ttotal Status Flags
r-devel-linux-x86_64-debian-clang 0.2.13 4.03 36.12 40.15 OK
r-devel-linux-x86_64-debian-gcc 0.2.13 3.23 27.68 30.91 OK
r-devel-linux-x86_64-fedora-clang 0.2.13 63.83 OK
r-devel-linux-x86_64-fedora-gcc 0.2.13 74.86 OK
r-devel-macos-arm64 0.2.13 32.00 OK
r-devel-macos-x86_64 0.2.13 52.00 OK
r-devel-windows-x86_64 0.2.13 7.00 59.00 66.00 OK
r-patched-linux-x86_64 0.2.13 4.82 34.11 38.93 NOTE
r-release-linux-x86_64 0.2.13 3.94 34.54 38.48 NOTE
r-release-macos-arm64 0.2.13 31.00 NOTE
r-release-macos-x86_64 0.2.13 42.00 NOTE
r-release-windows-x86_64 0.2.13 6.00 60.00 66.00 NOTE
r-oldrel-macos-arm64 0.2.13 28.00 NOTE
r-oldrel-macos-x86_64 0.2.13 44.00 NOTE
r-oldrel-windows-x86_64 0.2.13 7.00 75.00 82.00 NOTE

Check Details

Version: 0.2.13
Check: LazyData
Result: NOTE 'LazyData' is specified without a 'data' directory Flavors: r-patched-linux-x86_64, r-release-linux-x86_64, r-release-macos-arm64, r-release-macos-x86_64, r-release-windows-x86_64, r-oldrel-macos-arm64, r-oldrel-macos-x86_64, r-oldrel-windows-x86_64