CRAN Package Check Results for Package DoE.MIParray

Last updated on 2025-02-19 09:50:47 CET.

Flavor Version Tinstall Tcheck Ttotal Status Flags
r-devel-linux-x86_64-debian-clang 1.0-1 6.12 44.63 50.75 NOTE
r-devel-linux-x86_64-debian-gcc 1.0-1 3.90 30.98 34.88 NOTE
r-devel-linux-x86_64-fedora-clang 1.0-1 79.89 OK
r-devel-linux-x86_64-fedora-gcc 1.0-1 76.47 OK
r-devel-macos-arm64 1.0-1 24.00 OK
r-devel-macos-x86_64 1.0-1 43.00 OK
r-devel-windows-x86_64 1.0-1 7.00 62.00 69.00 NOTE
r-patched-linux-x86_64 1.0-1 8.71 41.61 50.32 NOTE
r-release-linux-x86_64 1.0-1 5.93 41.96 47.89 NOTE
r-release-macos-arm64 1.0-1 25.00 NOTE
r-release-macos-x86_64 1.0-1 36.00 NOTE
r-release-windows-x86_64 1.0-1 7.00 62.00 69.00 NOTE
r-oldrel-macos-arm64 1.0-1 27.00 NOTE
r-oldrel-macos-x86_64 1.0-1 60.00 NOTE
r-oldrel-windows-x86_64 1.0-1 10.00 67.00 77.00 NOTE

Check Details

Version: 1.0-1
Check: Rd cross-references
Result: NOTE Found the following Rd file(s) with Rd \link{} targets missing package anchors: functionsFromDoEbase.Rd: DoE.base Please provide package anchors for all Rd \link{} targets not in the package itself and the base packages. Flavors: r-devel-linux-x86_64-debian-clang, r-devel-linux-x86_64-debian-gcc, r-devel-windows-x86_64

Version: 1.0-1
Check: package dependencies
Result: NOTE Package which this enhances but not available for checking: ‘gurobi’ Flavors: r-patched-linux-x86_64, r-release-linux-x86_64, r-release-macos-arm64, r-release-macos-x86_64, r-release-windows-x86_64, r-oldrel-macos-arm64, r-oldrel-macos-x86_64, r-oldrel-windows-x86_64