Last updated on 2025-02-19 09:50:46 CET.
Flavor | Version | Tinstall | Tcheck | Ttotal | Status | Flags |
---|---|---|---|---|---|---|
r-devel-linux-x86_64-debian-clang | 2.0.0 | 100.89 | 110.71 | 211.60 | OK | |
r-devel-linux-x86_64-debian-gcc | 2.0.0 | 73.15 | 70.20 | 143.35 | OK | |
r-devel-linux-x86_64-fedora-clang | 2.0.0 | 398.67 | OK | |||
r-devel-linux-x86_64-fedora-gcc | 2.0.0 | 368.36 | OK | |||
r-devel-macos-arm64 | 2.0.0 | 96.00 | OK | |||
r-devel-macos-x86_64 | 2.0.0 | 106.00 | OK | |||
r-devel-windows-x86_64 | 2.0.0 | 112.00 | 127.00 | 239.00 | OK | |
r-patched-linux-x86_64 | 2.0.0 | 102.78 | 109.17 | 211.95 | NOTE | |
r-release-linux-x86_64 | 2.0.0 | 98.57 | 105.16 | 203.73 | NOTE | |
r-release-macos-arm64 | 2.0.0 | 60.00 | NOTE | |||
r-release-macos-x86_64 | 2.0.0 | 89.00 | NOTE | |||
r-release-windows-x86_64 | 2.0.0 | 113.00 | 131.00 | 244.00 | NOTE | |
r-oldrel-macos-arm64 | 2.0.0 | 110.00 | NOTE | |||
r-oldrel-macos-x86_64 | 2.0.0 | 144.00 | NOTE | |||
r-oldrel-windows-x86_64 | 2.0.0 | 148.00 | 166.00 | 314.00 | NOTE |
Version: 2.0.0
Check: for GNU extensions in Makefiles
Result: NOTE
GNU make is a SystemRequirements.
Flavors: r-patched-linux-x86_64, r-release-linux-x86_64, r-release-macos-arm64, r-release-macos-x86_64, r-release-windows-x86_64, r-oldrel-macos-arm64, r-oldrel-macos-x86_64, r-oldrel-windows-x86_64
Version: 2.0.0
Check: installed package size
Result: NOTE
installed size is 7.6Mb
sub-directories of 1Mb or more:
doc 2.7Mb
libs 4.6Mb
Flavors: r-release-macos-arm64, r-release-macos-x86_64, r-oldrel-macos-arm64, r-oldrel-macos-x86_64