Last updated on 2025-02-19 09:50:47 CET.
Flavor | Version | Tinstall | Tcheck | Ttotal | Status | Flags |
---|---|---|---|---|---|---|
r-devel-linux-x86_64-debian-clang | 0.1 | 2.26 | 25.62 | 27.88 | NOTE | |
r-devel-linux-x86_64-debian-gcc | 0.1 | 2.23 | 21.29 | 23.52 | NOTE | |
r-devel-linux-x86_64-fedora-clang | 0.1 | 43.43 | NOTE | |||
r-devel-linux-x86_64-fedora-gcc | 0.1 | 43.32 | NOTE | |||
r-devel-macos-arm64 | 0.1 | 19.00 | OK | |||
r-devel-macos-x86_64 | 0.1 | 33.00 | OK | |||
r-devel-windows-x86_64 | 0.1 | 4.00 | 50.00 | 54.00 | OK | |
r-patched-linux-x86_64 | 0.1 | 2.76 | 24.75 | 27.51 | NOTE | |
r-release-linux-x86_64 | 0.1 | 1.63 | 24.56 | 26.19 | NOTE | |
r-release-macos-arm64 | 0.1 | 19.00 | OK | |||
r-release-macos-x86_64 | 0.1 | 30.00 | OK | |||
r-release-windows-x86_64 | 0.1 | 4.00 | 50.00 | 54.00 | OK | |
r-oldrel-macos-arm64 | 0.1 | 19.00 | OK | |||
r-oldrel-macos-x86_64 | 0.1 | 27.00 | OK | |||
r-oldrel-windows-x86_64 | 0.1 | 3.00 | 76.00 | 79.00 | OK |
Version: 0.1
Check: for non-standard things in the check directory
Result: NOTE
Found the following files/directories:
‘myfile.ps’ ‘myfile.svg’
Flavors: r-devel-linux-x86_64-debian-clang, r-devel-linux-x86_64-debian-gcc, r-devel-linux-x86_64-fedora-clang, r-devel-linux-x86_64-fedora-gcc, r-patched-linux-x86_64, r-release-linux-x86_64