Last updated on 2025-02-19 09:50:47 CET.
Flavor | Version | Tinstall | Tcheck | Ttotal | Status | Flags |
---|---|---|---|---|---|---|
r-devel-linux-x86_64-debian-clang | 0.2-4 | 41.08 | 68.13 | 109.21 | NOTE | |
r-devel-linux-x86_64-debian-gcc | 0.2-4 | 28.95 | 50.03 | 78.98 | NOTE | |
r-devel-linux-x86_64-fedora-clang | 0.2-4 | 193.60 | NOTE | |||
r-devel-linux-x86_64-fedora-gcc | 0.2-4 | 197.11 | NOTE | |||
r-devel-macos-arm64 | 0.2-4 | 60.00 | NOTE | |||
r-devel-macos-x86_64 | 0.2-4 | 106.00 | NOTE | |||
r-devel-windows-x86_64 | 0.2-4 | 48.00 | 109.00 | 157.00 | NOTE | |
r-patched-linux-x86_64 | 0.2-4 | 42.74 | 64.40 | 107.14 | NOTE | |
r-release-linux-x86_64 | 0.2-4 | 42.27 | 64.15 | 106.42 | NOTE | |
r-release-macos-arm64 | 0.2-4 | 38.00 | NOTE | |||
r-release-macos-x86_64 | 0.2-4 | 58.00 | NOTE | |||
r-release-windows-x86_64 | 0.2-4 | 46.00 | 106.00 | 152.00 | NOTE | |
r-oldrel-macos-arm64 | 0.2-4 | 65.00 | NOTE | |||
r-oldrel-macos-x86_64 | 0.2-4 | 91.00 | NOTE | |||
r-oldrel-windows-x86_64 | 0.2-4 | 56.00 | 152.00 | 208.00 | NOTE |
Version: 0.2-4
Check: C++ specification
Result: NOTE
Specified C++11: please drop specification unless essential
Flavors: r-devel-linux-x86_64-debian-clang, r-devel-linux-x86_64-debian-gcc, r-devel-linux-x86_64-fedora-clang, r-devel-linux-x86_64-fedora-gcc, r-devel-macos-arm64, r-devel-macos-x86_64, r-devel-windows-x86_64, r-patched-linux-x86_64, r-release-linux-x86_64, r-release-macos-arm64, r-release-macos-x86_64, r-release-windows-x86_64, r-oldrel-macos-arm64, r-oldrel-macos-x86_64, r-oldrel-windows-x86_64
Version: 0.2-4
Check: for GNU extensions in Makefiles
Result: NOTE
GNU make is a SystemRequirements.
Flavors: r-patched-linux-x86_64, r-release-linux-x86_64, r-release-macos-arm64, r-release-macos-x86_64, r-release-windows-x86_64, r-oldrel-macos-arm64, r-oldrel-windows-x86_64