CRAN Package Check Results for Package CornerstoneR

Last updated on 2025-02-19 09:50:45 CET.

Flavor Version Tinstall Tcheck Ttotal Status Flags
r-devel-linux-x86_64-debian-clang 2.0.2 4.24 64.55 68.79 NOTE
r-devel-linux-x86_64-debian-gcc 2.0.2 2.66 47.34 50.00 NOTE
r-devel-linux-x86_64-fedora-clang 2.0.2 106.86 NOTE
r-devel-linux-x86_64-fedora-gcc 2.0.2 114.76 NOTE
r-devel-macos-arm64 2.0.2 49.00 NOTE
r-devel-macos-x86_64 2.0.2 88.00 NOTE
r-devel-windows-x86_64 2.0.2 6.00 87.00 93.00 NOTE
r-patched-linux-x86_64 2.0.2 6.61 59.68 66.29 NOTE
r-release-linux-x86_64 2.0.2 3.82 58.25 62.07 NOTE
r-release-macos-arm64 2.0.2 46.00 NOTE
r-release-macos-x86_64 2.0.2 68.00 NOTE
r-release-windows-x86_64 2.0.2 5.00 85.00 90.00 NOTE
r-oldrel-macos-arm64 2.0.2 46.00 OK
r-oldrel-macos-x86_64 2.0.2 65.00 OK
r-oldrel-windows-x86_64 2.0.2 7.00 110.00 117.00 OK

Check Details

Version: 2.0.2
Check: Rd files
Result: NOTE checkRd: (-1) carstats.Rd:11: Lost braces in \itemize; meant \describe ? checkRd: (-1) carstats.Rd:12: Lost braces in \itemize; meant \describe ? checkRd: (-1) carstats.Rd:13: Lost braces in \itemize; meant \describe ? checkRd: (-1) carstats.Rd:14: Lost braces in \itemize; meant \describe ? checkRd: (-1) carstats.Rd:15: Lost braces in \itemize; meant \describe ? checkRd: (-1) carstats.Rd:16: Lost braces in \itemize; meant \describe ? checkRd: (-1) carstats.Rd:17: Lost braces in \itemize; meant \describe ? checkRd: (-1) carstats.Rd:18: Lost braces in \itemize; meant \describe ? checkRd: (-1) carstats.Rd:19: Lost braces in \itemize; meant \describe ? checkRd: (-1) titanic.Rd:11: Lost braces in \itemize; meant \describe ? checkRd: (-1) titanic.Rd:12: Lost braces in \itemize; meant \describe ? checkRd: (-1) titanic.Rd:13: Lost braces in \itemize; meant \describe ? checkRd: (-1) titanic.Rd:14: Lost braces in \itemize; meant \describe ? Flavors: r-devel-linux-x86_64-debian-clang, r-devel-linux-x86_64-debian-gcc, r-devel-linux-x86_64-fedora-clang, r-devel-linux-x86_64-fedora-gcc, r-devel-macos-arm64, r-devel-macos-x86_64, r-devel-windows-x86_64, r-patched-linux-x86_64, r-release-linux-x86_64, r-release-macos-arm64, r-release-macos-x86_64, r-release-windows-x86_64

Version: 2.0.2
Check: Rd cross-references
Result: NOTE Found the following Rd file(s) with Rd \link{} targets missing package anchors: carstats.Rd: data.table rundata.Rd: data.table titanic.Rd: data.table Please provide package anchors for all Rd \link{} targets not in the package itself and the base packages. Flavors: r-devel-linux-x86_64-debian-clang, r-devel-linux-x86_64-debian-gcc, r-devel-windows-x86_64