Last updated on 2025-02-17 09:49:38 CET.
Flavor | Version | Tinstall | Tcheck | Ttotal | Status | Flags |
---|---|---|---|---|---|---|
r-devel-linux-x86_64-debian-clang | 1.1.1 | 88.36 | 30.63 | 118.99 | NOTE | |
r-devel-linux-x86_64-debian-gcc | 1.1.1 | 61.59 | 24.32 | 85.91 | NOTE | |
r-devel-linux-x86_64-fedora-clang | 1.1.1 | 254.12 | NOTE | |||
r-devel-linux-x86_64-fedora-gcc | 1.1.1 | 227.98 | NOTE | |||
r-devel-macos-arm64 | 1.1.1 | 53.00 | OK | |||
r-devel-macos-x86_64 | 1.1.1 | 69.00 | OK | |||
r-devel-windows-x86_64 | 1.1.1 | 101.00 | 74.00 | 175.00 | NOTE | |
r-patched-linux-x86_64 | 1.1.1 | 84.52 | 28.90 | 113.42 | OK | |
r-release-linux-x86_64 | 1.1.1 | 84.12 | 28.42 | 112.54 | OK | |
r-release-macos-arm64 | 1.1.1 | 58.00 | NOTE | |||
r-release-macos-x86_64 | 1.1.1 | 68.00 | NOTE | |||
r-release-windows-x86_64 | 1.1.1 | 102.00 | 80.00 | 182.00 | NOTE | |
r-oldrel-macos-arm64 | 1.1.1 | 66.00 | NOTE | |||
r-oldrel-macos-x86_64 | 1.1.1 | 122.00 | NOTE | |||
r-oldrel-windows-x86_64 | 1.1.1 | 119.00 | 86.00 | 205.00 | NOTE |
Version: 1.1.1
Check: top-level files
Result: NOTE
possible bashism in configure.ac line 36 (should be 'b = a'):
if test "$ac_cv_header_stdint_h" == yes; then
possible bashism in configure.ac line 50 (should be 'b = a'):
if test "$ac_cv_header_inttypes_h" == yes; then
Flavors: r-devel-linux-x86_64-debian-clang, r-devel-linux-x86_64-debian-gcc, r-devel-linux-x86_64-fedora-clang, r-devel-linux-x86_64-fedora-gcc
Version: 1.1.1
Check: C++ specification
Result: NOTE
Specified C++11: please drop specification unless essential
Flavors: r-devel-windows-x86_64, r-release-windows-x86_64, r-oldrel-windows-x86_64
Version: 1.1.1
Check: installed package size
Result: NOTE
installed size is 5.2Mb
sub-directories of 1Mb or more:
libs 5.0Mb
Flavors: r-release-macos-arm64, r-release-macos-x86_64, r-oldrel-macos-arm64, r-oldrel-macos-x86_64