Last updated on 2025-07-12 09:49:13 CEST.
Flavor | Version | Tinstall | Tcheck | Ttotal | Status | Flags |
---|---|---|---|---|---|---|
r-devel-linux-x86_64-debian-clang | 4.7.7 | 8.82 | 419.10 | 427.92 | OK | |
r-devel-linux-x86_64-debian-gcc | 4.7.7 | 6.08 | 243.28 | 249.36 | OK | |
r-devel-linux-x86_64-fedora-clang | 4.7.7 | 673.01 | OK | |||
r-devel-linux-x86_64-fedora-gcc | 4.7.7 | 651.48 | OK | |||
r-devel-windows-x86_64 | 4.7.7 | 14.00 | 371.00 | 385.00 | OK | |
r-patched-linux-x86_64 | 4.7.7 | 9.52 | 395.62 | 405.14 | OK | |
r-release-linux-x86_64 | 4.7.7 | 7.55 | 392.77 | 400.32 | OK | |
r-release-macos-arm64 | 4.7.7 | 223.00 | OK | |||
r-release-macos-x86_64 | 4.7.7 | 495.00 | OK | |||
r-release-windows-x86_64 | 4.7.7 | 13.00 | 346.00 | 359.00 | ERROR | |
r-oldrel-macos-arm64 | 4.7.7 | 202.00 | OK | |||
r-oldrel-macos-x86_64 | 4.7.7 | 450.00 | OK | |||
r-oldrel-windows-x86_64 | 4.7.7 | 17.00 | 520.00 | 537.00 | OK |
Version: 4.7.7
Check: re-building of vignette outputs
Result: ERROR
Error(s) in re-building vignettes:
--- re-building 'Bchron.Rmd' using rmarkdown
Quitting from Bchron.Rmd:671-684 [unnamed-chunk-54]
~~~~~~~~~~~~~~~~~~~~~~~~~~~~~~~~~~~~~~~~~~~~~~~~~~~~~~~~~~~~~~~~~~~~~~~~~~~~~~~~
<error/rlang_error>
Error in `if (stats::runif(1) < exp(logRtheta)) ...`:
! missing value where TRUE/FALSE needed
---
Backtrace:
▆
1. ├─base::with(...)
2. └─base::with.default(...)
3. └─base::eval(substitute(expr), data, enclos = parent.frame())
4. └─base::eval(substitute(expr), data, enclos = parent.frame())
5. └─Bchron::Bchronology(...)
~~~~~~~~~~~~~~~~~~~~~~~~~~~~~~~~~~~~~~~~~~~~~~~~~~~~~~~~~~~~~~~~~~~~~~~~~~~~~~~~
Error: processing vignette 'Bchron.Rmd' failed with diagnostics:
missing value where TRUE/FALSE needed
--- failed re-building 'Bchron.Rmd'
SUMMARY: processing the following file failed:
'Bchron.Rmd'
Error: Vignette re-building failed.
Execution halted
Flavor: r-release-windows-x86_64