Last updated on 2025-02-19 09:50:42 CET.
Flavor | Version | Tinstall | Tcheck | Ttotal | Status | Flags |
---|---|---|---|---|---|---|
r-devel-linux-x86_64-debian-clang | 1.0.10 | 4.42 | 51.75 | 56.17 | NOTE | |
r-devel-linux-x86_64-debian-gcc | 1.0.10 | 3.47 | 37.94 | 41.41 | NOTE | |
r-devel-linux-x86_64-fedora-clang | 1.0.10 | 85.33 | NOTE | |||
r-devel-linux-x86_64-fedora-gcc | 1.0.10 | 86.23 | NOTE | |||
r-devel-macos-arm64 | 1.0.10 | 31.00 | OK | |||
r-devel-macos-x86_64 | 1.0.10 | 54.00 | OK | |||
r-devel-windows-x86_64 | 1.0.10 | 5.00 | 72.00 | 77.00 | OK | |
r-patched-linux-x86_64 | 1.0.10 | 4.48 | 48.43 | 52.91 | NOTE | |
r-release-linux-x86_64 | 1.0.10 | 3.86 | 48.42 | 52.28 | NOTE | |
r-release-macos-arm64 | 1.0.10 | 35.00 | OK | |||
r-release-macos-x86_64 | 1.0.10 | 80.00 | OK | |||
r-release-windows-x86_64 | 1.0.10 | 7.00 | 70.00 | 77.00 | OK | |
r-oldrel-macos-arm64 | 1.0.10 | 32.00 | OK | |||
r-oldrel-macos-x86_64 | 1.0.10 | 32.00 | OK | |||
r-oldrel-windows-x86_64 | 1.0.10 | 5.00 | 99.00 | 104.00 | OK |
Version: 1.0.10
Check: for non-standard things in the check directory
Result: NOTE
Found the following files/directories:
‘fabiabreast.txt’
Flavors: r-devel-linux-x86_64-debian-clang, r-devel-linux-x86_64-debian-gcc, r-devel-linux-x86_64-fedora-clang, r-devel-linux-x86_64-fedora-gcc, r-patched-linux-x86_64, r-release-linux-x86_64