CRAN Package Check Results for Package BayesPieceHazSelect

Last updated on 2025-02-19 09:50:42 CET.

Flavor Version Tinstall Tcheck Ttotal Status Flags
r-devel-linux-x86_64-debian-clang 1.1.0 8.29 41.03 49.32 OK
r-devel-linux-x86_64-debian-gcc 1.1.0 5.71 27.05 32.76 OK
r-devel-linux-x86_64-fedora-clang 1.1.0 84.95 OK
r-devel-linux-x86_64-fedora-gcc 1.1.0 74.77 OK
r-devel-macos-arm64 1.1.0 28.00 OK
r-devel-macos-x86_64 1.1.0 52.00 OK
r-devel-windows-x86_64 1.1.0 7.00 60.00 67.00 OK
r-patched-linux-x86_64 1.1.0 6.99 38.15 45.14 NOTE
r-release-linux-x86_64 1.1.0 7.80 37.45 45.25 NOTE
r-release-macos-arm64 1.1.0 28.00 NOTE
r-release-macos-x86_64 1.1.0 40.00 NOTE
r-release-windows-x86_64 1.1.0 8.00 60.00 68.00 NOTE
r-oldrel-macos-arm64 1.1.0 27.00 NOTE
r-oldrel-macos-x86_64 1.1.0 39.00 NOTE
r-oldrel-windows-x86_64 1.1.0 7.00 74.00 81.00 NOTE

Check Details

Version: 1.1.0
Check: LazyData
Result: NOTE 'LazyData' is specified without a 'data' directory Flavors: r-patched-linux-x86_64, r-release-linux-x86_64, r-release-macos-arm64, r-release-macos-x86_64, r-release-windows-x86_64, r-oldrel-macos-arm64, r-oldrel-macos-x86_64, r-oldrel-windows-x86_64