Last updated on 2025-02-19 09:50:42 CET.
Flavor | Version | Tinstall | Tcheck | Ttotal | Status | Flags |
---|---|---|---|---|---|---|
r-devel-linux-x86_64-debian-clang | 1.1.0 | 7.00 | 36.55 | 43.55 | OK | |
r-devel-linux-x86_64-debian-gcc | 1.1.0 | 4.72 | 26.58 | 31.30 | OK | |
r-devel-linux-x86_64-fedora-clang | 1.1.0 | 73.48 | OK | |||
r-devel-linux-x86_64-fedora-gcc | 1.1.0 | 71.78 | OK | |||
r-devel-macos-arm64 | 1.1.0 | 30.00 | OK | |||
r-devel-macos-x86_64 | 1.1.0 | 52.00 | OK | |||
r-devel-windows-x86_64 | 1.1.0 | 8.00 | 69.00 | 77.00 | NOTE | |
r-patched-linux-x86_64 | 1.1.0 | 6.95 | 36.96 | 43.91 | OK | |
r-release-linux-x86_64 | 1.1.0 | 5.75 | 36.40 | 42.15 | OK | |
r-release-macos-arm64 | 1.1.0 | 30.00 | OK | |||
r-release-macos-x86_64 | 1.1.0 | 38.00 | OK | |||
r-release-windows-x86_64 | 1.1.0 | 11.00 | 68.00 | 79.00 | NOTE | |
r-oldrel-macos-arm64 | 1.1.0 | 28.00 | OK | |||
r-oldrel-macos-x86_64 | 1.1.0 | 47.00 | OK | |||
r-oldrel-windows-x86_64 | 1.1.0 | 10.00 | 94.00 | 104.00 | NOTE |
Version: 1.1.0
Check: C++ specification
Result: NOTE
Specified C++11: please drop specification unless essential
Flavors: r-devel-windows-x86_64, r-release-windows-x86_64, r-oldrel-windows-x86_64