Last updated on 2025-02-19 09:50:43 CET.
Flavor | Version | Tinstall | Tcheck | Ttotal | Status | Flags |
---|---|---|---|---|---|---|
r-devel-linux-x86_64-debian-clang | 1.87.0-1 | 27.09 | 37.49 | 64.58 | OK | |
r-devel-linux-x86_64-debian-gcc | 1.87.0-1 | 15.85 | 28.10 | 43.95 | OK | |
r-devel-linux-x86_64-fedora-clang | 1.87.0-1 | 65.04 | OK | |||
r-devel-linux-x86_64-fedora-gcc | 1.87.0-1 | 60.22 | OK | |||
r-devel-macos-arm64 | 1.87.0-1 | 62.00 | OK | |||
r-devel-macos-x86_64 | 1.87.0-1 | 148.00 | OK | |||
r-devel-windows-x86_64 | 1.87.0-1 | 78.00 | 55.00 | 133.00 | OK | |
r-patched-linux-x86_64 | 1.87.0-1 | 20.15 | 36.00 | 56.15 | OK | |
r-release-linux-x86_64 | 1.87.0-1 | 23.12 | 35.98 | 59.10 | OK | |
r-release-macos-arm64 | 1.87.0-1 | 63.00 | NOTE | |||
r-release-macos-x86_64 | 1.87.0-1 | 124.00 | NOTE | |||
r-release-windows-x86_64 | 1.87.0-1 | 94.00 | 73.00 | 167.00 | NOTE | |
r-oldrel-macos-arm64 | 1.87.0-1 | 60.00 | NOTE | |||
r-oldrel-macos-x86_64 | 1.87.0-1 | 117.00 | NOTE | |||
r-oldrel-windows-x86_64 | 1.87.0-1 | 87.00 | 64.00 | 151.00 | NOTE |
Version: 1.87.0-1
Check: installed package size
Result: NOTE
installed size is 166.1Mb
sub-directories of 1Mb or more:
include 166.0Mb
Flavors: r-release-macos-arm64, r-release-macos-x86_64, r-release-windows-x86_64, r-oldrel-macos-arm64, r-oldrel-macos-x86_64, r-oldrel-windows-x86_64