Last updated on 2025-02-19 09:50:43 CET.
Flavor | Version | Tinstall | Tcheck | Ttotal | Status | Flags |
---|---|---|---|---|---|---|
r-devel-linux-x86_64-debian-clang | 0.5.12 | 7.99 | 76.85 | 84.84 | NOTE | |
r-devel-linux-x86_64-debian-gcc | 0.5.12 | 5.21 | 54.33 | 59.54 | NOTE | |
r-devel-linux-x86_64-fedora-clang | 0.5.12 | 136.04 | NOTE | |||
r-devel-linux-x86_64-fedora-gcc | 0.5.12 | 123.57 | NOTE | |||
r-devel-macos-arm64 | 0.5.12 | 324.00 | OK | |||
r-devel-macos-x86_64 | 0.5.12 | 410.00 | NOTE | |||
r-devel-windows-x86_64 | 0.5.12 | 8.00 | 205.00 | 213.00 | NOTE | |
r-patched-linux-x86_64 | 0.5.12 | 6.59 | 71.23 | 77.82 | OK | |
r-release-linux-x86_64 | 0.5.12 | 7.05 | 70.90 | 77.95 | OK | |
r-release-macos-arm64 | 0.5.12 | 346.00 | OK | |||
r-release-macos-x86_64 | 0.5.12 | 357.00 | OK | |||
r-release-windows-x86_64 | 0.5.12 | 11.00 | 204.00 | 215.00 | OK | |
r-oldrel-macos-arm64 | 0.5.12 | 261.00 | OK | |||
r-oldrel-macos-x86_64 | 0.5.12 | 349.00 | OK | |||
r-oldrel-windows-x86_64 | 0.5.12 | 11.00 | 220.00 | 231.00 | OK |
Version: 0.5.12
Check: DESCRIPTION meta-information
Result: NOTE
Missing dependency on R >= 4.1.0 because package code uses the pipe
|> or function shorthand \(...) syntax added in R 4.1.0.
File(s) using such syntax:
‘bfs_get_catalog_data.R’ ‘bfs_get_catalog_tables.R’
Flavors: r-devel-linux-x86_64-debian-clang, r-devel-linux-x86_64-debian-gcc, r-devel-linux-x86_64-fedora-clang, r-devel-linux-x86_64-fedora-gcc, r-devel-macos-x86_64, r-devel-windows-x86_64